{"id":10973,"date":"2020-11-28T20:32:30","date_gmt":"2020-11-28T17:32:30","guid":{"rendered":"https:\/\/kamerakontrolsistemleri.com\/index.php\/product\/hikvision-ds-2cd2t65g1-i5-6mp-ip-ir-bullet-kamer\/"},"modified":"2020-11-28T21:32:25","modified_gmt":"2020-11-28T18:32:25","slug":"hikvision-ds-2cd2t65g1-i5-6mp-ip-ir-bullet-kamer","status":"publish","type":"product","link":"https:\/\/kamerakontrolsistemleri.com\/index.php\/product\/hikvision-ds-2cd2t65g1-i5-6mp-ip-ir-bullet-kamer\/","title":{"rendered":"Hikvision DS-2CD2T65G1-I5 6MP IP IR Bullet Kamer"},"content":{"rendered":"","protected":false},"excerpt":{"rendered":"<p>6Mp \u00c7\u00f6z\u00fcn\u00fcrl\u00fck, 1\/2,4&#8243; 3072x2048px, 0.008 lux (F1.2, AGC a\u00e7\u0131k), 4mm Sabit Lens, ICR, 3D DNR, 120dB WDR, 50metre Gece G\u00f6r\u00fc\u015f Mesafesi, H.265, H.265+, H.264+, \u00dc\u00e7l\u00fc Ak\u0131\u015f, BLC, HLC, ROI, mSD Deste\u011fi (~128GB), NAS deste\u011fi, ANR, ak\u0131ll\u0131 analiz =Hareket alg\u0131lama, Aynalama, Analizler (Hat ihlali, izinsiz giri\u015f, unutulan e\u015fya, kaybolan nesne), Sahne de\u011fi\u015fikli\u011fi<\/p>\n","protected":false},"featured_media":11312,"template":"","meta":[],"product_brand":[],"product_cat":[132,133],"product_tag":[],"class_list":{"0":"post-10973","1":"product","2":"type-product","3":"status-publish","4":"has-post-thumbnail","6":"product_cat-hd-kameralar","7":"product_cat-ir-bullet-kameralar-hd-kameralar","8":"pa_marka-hikvision","10":"first","11":"instock","12":"taxable","13":"shipping-taxable","14":"purchasable","15":"product-type-simple"},"yoast_head":"<!-- This site is optimized with the Yoast SEO plugin v27.3 - https:\/\/yoast.com\/product\/yoast-seo-wordpress\/ -->\n<title>Hikvision DS-2CD2T65G1-I5 6MP IP IR Bullet Kamer - Kamera Kontrol Sistemleri<\/title>\n<meta name=\"description\" content=\"6Mp \u00c7\u00f6z\u00fcn\u00fcrl\u00fck, 1\/2,4&quot; 3072x2048px, 0.008 lux (F1.2, AGC a\u00e7\u0131k), 4mm Sabit Lens, ICR, 3D DNR, 120dB WDR, 50metre Gece G\u00f6r\u00fc\u015f Mesafesi, H.265, H.265+, H.264+, \u00dc\u00e7l\u00fc Ak\u0131\u015f, BLC, HLC, ROI, mSD Deste\u011fi (~128GB), NAS deste\u011fi, ANR, ak\u0131ll\u0131 analiz =Hareket alg\u0131lama, Aynalama, Analizler (Hat ihlali, izinsiz giri\u015f, unutulan e\u015fya, kaybolan nesne), Sahne de\u011fi\u015fikli\u011fi\" \/>\n<meta name=\"robots\" content=\"index, follow, max-snippet:-1, max-image-preview:large, max-video-preview:-1\" \/>\n<link rel=\"canonical\" href=\"https:\/\/kamerakontrolsistemleri.com\/index.php\/product\/hikvision-ds-2cd2t65g1-i5-6mp-ip-ir-bullet-kamer\/\" \/>\n<meta property=\"og:locale\" content=\"tr_TR\" \/>\n<meta property=\"og:type\" content=\"article\" \/>\n<meta property=\"og:title\" content=\"Hikvision DS-2CD2T65G1-I5 6MP IP IR Bullet Kamer - Kamera Kontrol Sistemleri\" \/>\n<meta property=\"og:description\" content=\"6Mp \u00c7\u00f6z\u00fcn\u00fcrl\u00fck, 1\/2,4&quot; 3072x2048px, 0.008 lux (F1.2, AGC a\u00e7\u0131k), 4mm Sabit Lens, ICR, 3D DNR, 120dB WDR, 50metre Gece G\u00f6r\u00fc\u015f Mesafesi, H.265, H.265+, H.264+, \u00dc\u00e7l\u00fc Ak\u0131\u015f, BLC, HLC, ROI, mSD Deste\u011fi (~128GB), NAS deste\u011fi, ANR, ak\u0131ll\u0131 analiz =Hareket alg\u0131lama, Aynalama, Analizler (Hat ihlali, izinsiz giri\u015f, unutulan e\u015fya, kaybolan nesne), Sahne de\u011fi\u015fikli\u011fi\" \/>\n<meta property=\"og:url\" content=\"https:\/\/kamerakontrolsistemleri.com\/index.php\/product\/hikvision-ds-2cd2t65g1-i5-6mp-ip-ir-bullet-kamer\/\" \/>\n<meta property=\"og:site_name\" content=\"Kamera Kontrol Sistemleri\" \/>\n<meta property=\"article:publisher\" content=\"https:\/\/www.facebook.com\/akottech\" \/>\n<meta property=\"article:modified_time\" content=\"2020-11-28T18:32:25+00:00\" \/>\n<meta property=\"og:image\" content=\"https:\/\/kamerakontrolsistemleri.com\/wp-content\/uploads\/2020\/11\/0000122_hikvision-ds-2cd2625fwd-izs-2mp-motorize-lensli-ip-ir-bullet-kamera-2.jpeg\" \/>\n\t<meta property=\"og:image:width\" content=\"1000\" \/>\n\t<meta property=\"og:image:height\" content=\"1000\" \/>\n\t<meta property=\"og:image:type\" content=\"image\/jpeg\" \/>\n<script type=\"application\/ld+json\" class=\"yoast-schema-graph\">{\"@context\":\"https:\\\/\\\/schema.org\",\"@graph\":[{\"@type\":\"WebPage\",\"@id\":\"https:\\\/\\\/kamerakontrolsistemleri.com\\\/index.php\\\/product\\\/hikvision-ds-2cd2t65g1-i5-6mp-ip-ir-bullet-kamer\\\/\",\"url\":\"https:\\\/\\\/kamerakontrolsistemleri.com\\\/index.php\\\/product\\\/hikvision-ds-2cd2t65g1-i5-6mp-ip-ir-bullet-kamer\\\/\",\"name\":\"Hikvision DS-2CD2T65G1-I5 6MP IP IR Bullet Kamer - Kamera Kontrol Sistemleri\",\"isPartOf\":{\"@id\":\"https:\\\/\\\/kamerakontrolsistemleri.com\\\/#website\"},\"primaryImageOfPage\":{\"@id\":\"https:\\\/\\\/kamerakontrolsistemleri.com\\\/index.php\\\/product\\\/hikvision-ds-2cd2t65g1-i5-6mp-ip-ir-bullet-kamer\\\/#primaryimage\"},\"image\":{\"@id\":\"https:\\\/\\\/kamerakontrolsistemleri.com\\\/index.php\\\/product\\\/hikvision-ds-2cd2t65g1-i5-6mp-ip-ir-bullet-kamer\\\/#primaryimage\"},\"thumbnailUrl\":\"https:\\\/\\\/kamerakontrolsistemleri.com\\\/wp-content\\\/uploads\\\/2020\\\/11\\\/0000122_hikvision-ds-2cd2625fwd-izs-2mp-motorize-lensli-ip-ir-bullet-kamera-2.jpeg\",\"datePublished\":\"2020-11-28T17:32:30+00:00\",\"dateModified\":\"2020-11-28T18:32:25+00:00\",\"description\":\"6Mp \u00c7\u00f6z\u00fcn\u00fcrl\u00fck, 1\\\/2,4\\\" 3072x2048px, 0.008 lux (F1.2, AGC a\u00e7\u0131k), 4mm Sabit Lens, ICR, 3D DNR, 120dB WDR, 50metre Gece G\u00f6r\u00fc\u015f Mesafesi, H.265, H.265+, H.264+, \u00dc\u00e7l\u00fc Ak\u0131\u015f, BLC, HLC, ROI, mSD Deste\u011fi (~128GB), NAS deste\u011fi, ANR, ak\u0131ll\u0131 analiz =Hareket alg\u0131lama, Aynalama, Analizler (Hat ihlali, izinsiz giri\u015f, unutulan e\u015fya, kaybolan nesne), Sahne de\u011fi\u015fikli\u011fi\",\"breadcrumb\":{\"@id\":\"https:\\\/\\\/kamerakontrolsistemleri.com\\\/index.php\\\/product\\\/hikvision-ds-2cd2t65g1-i5-6mp-ip-ir-bullet-kamer\\\/#breadcrumb\"},\"inLanguage\":\"tr\",\"potentialAction\":[{\"@type\":\"ReadAction\",\"target\":[\"https:\\\/\\\/kamerakontrolsistemleri.com\\\/index.php\\\/product\\\/hikvision-ds-2cd2t65g1-i5-6mp-ip-ir-bullet-kamer\\\/\"]}]},{\"@type\":\"ImageObject\",\"inLanguage\":\"tr\",\"@id\":\"https:\\\/\\\/kamerakontrolsistemleri.com\\\/index.php\\\/product\\\/hikvision-ds-2cd2t65g1-i5-6mp-ip-ir-bullet-kamer\\\/#primaryimage\",\"url\":\"https:\\\/\\\/kamerakontrolsistemleri.com\\\/wp-content\\\/uploads\\\/2020\\\/11\\\/0000122_hikvision-ds-2cd2625fwd-izs-2mp-motorize-lensli-ip-ir-bullet-kamera-2.jpeg\",\"contentUrl\":\"https:\\\/\\\/kamerakontrolsistemleri.com\\\/wp-content\\\/uploads\\\/2020\\\/11\\\/0000122_hikvision-ds-2cd2625fwd-izs-2mp-motorize-lensli-ip-ir-bullet-kamera-2.jpeg\",\"width\":1000,\"height\":1000},{\"@type\":\"BreadcrumbList\",\"@id\":\"https:\\\/\\\/kamerakontrolsistemleri.com\\\/index.php\\\/product\\\/hikvision-ds-2cd2t65g1-i5-6mp-ip-ir-bullet-kamer\\\/#breadcrumb\",\"itemListElement\":[{\"@type\":\"ListItem\",\"position\":1,\"name\":\"Ana sayfa\",\"item\":\"https:\\\/\\\/kamerakontrolsistemleri.com\\\/\"},{\"@type\":\"ListItem\",\"position\":2,\"name\":\"\u00dcr\u00fcnler\",\"item\":\"https:\\\/\\\/kamerakontrolsistemleri.com\\\/index.php\\\/urunler\\\/\"},{\"@type\":\"ListItem\",\"position\":3,\"name\":\"Hikvision DS-2CD2T65G1-I5 6MP IP IR Bullet Kamer\"}]},{\"@type\":\"WebSite\",\"@id\":\"https:\\\/\\\/kamerakontrolsistemleri.com\\\/#website\",\"url\":\"https:\\\/\\\/kamerakontrolsistemleri.com\\\/\",\"name\":\"Kamera Kontrol Sistemleri\",\"description\":\"Toptan fiyat\u0131na al\u0131\u015fveri\u015f imkan\u0131\",\"publisher\":{\"@id\":\"https:\\\/\\\/kamerakontrolsistemleri.com\\\/#organization\"},\"potentialAction\":[{\"@type\":\"SearchAction\",\"target\":{\"@type\":\"EntryPoint\",\"urlTemplate\":\"https:\\\/\\\/kamerakontrolsistemleri.com\\\/?s={search_term_string}\"},\"query-input\":{\"@type\":\"PropertyValueSpecification\",\"valueRequired\":true,\"valueName\":\"search_term_string\"}}],\"inLanguage\":\"tr\"},{\"@type\":\"Organization\",\"@id\":\"https:\\\/\\\/kamerakontrolsistemleri.com\\\/#organization\",\"name\":\"Akotech G\u00fcvenlik Sistemleri\",\"url\":\"https:\\\/\\\/kamerakontrolsistemleri.com\\\/\",\"logo\":{\"@type\":\"ImageObject\",\"inLanguage\":\"tr\",\"@id\":\"https:\\\/\\\/kamerakontrolsistemleri.com\\\/#\\\/schema\\\/logo\\\/image\\\/\",\"url\":\"https:\\\/\\\/kamerakontrolsistemleri.com\\\/wp-content\\\/uploads\\\/2020\\\/12\\\/37335611_391154311412387_1999192248473878528_o.jpg\",\"contentUrl\":\"https:\\\/\\\/kamerakontrolsistemleri.com\\\/wp-content\\\/uploads\\\/2020\\\/12\\\/37335611_391154311412387_1999192248473878528_o.jpg\",\"width\":1129,\"height\":1129,\"caption\":\"Akotech G\u00fcvenlik Sistemleri\"},\"image\":{\"@id\":\"https:\\\/\\\/kamerakontrolsistemleri.com\\\/#\\\/schema\\\/logo\\\/image\\\/\"},\"sameAs\":[\"https:\\\/\\\/www.facebook.com\\\/akottech\",\"https:\\\/\\\/www.instagram.com\\\/akottechguvenlik\\\/\"]}]}<\/script>\n<!-- \/ Yoast SEO plugin. -->","yoast_head_json":{"title":"Hikvision DS-2CD2T65G1-I5 6MP IP IR Bullet Kamer - Kamera Kontrol Sistemleri","description":"6Mp \u00c7\u00f6z\u00fcn\u00fcrl\u00fck, 1\/2,4\" 3072x2048px, 0.008 lux (F1.2, AGC a\u00e7\u0131k), 4mm Sabit Lens, ICR, 3D DNR, 120dB WDR, 50metre Gece G\u00f6r\u00fc\u015f Mesafesi, H.265, H.265+, H.264+, \u00dc\u00e7l\u00fc Ak\u0131\u015f, BLC, HLC, ROI, mSD Deste\u011fi (~128GB), NAS deste\u011fi, ANR, ak\u0131ll\u0131 analiz =Hareket alg\u0131lama, Aynalama, Analizler (Hat ihlali, izinsiz giri\u015f, unutulan e\u015fya, kaybolan nesne), Sahne de\u011fi\u015fikli\u011fi","robots":{"index":"index","follow":"follow","max-snippet":"max-snippet:-1","max-image-preview":"max-image-preview:large","max-video-preview":"max-video-preview:-1"},"canonical":"https:\/\/kamerakontrolsistemleri.com\/index.php\/product\/hikvision-ds-2cd2t65g1-i5-6mp-ip-ir-bullet-kamer\/","og_locale":"tr_TR","og_type":"article","og_title":"Hikvision DS-2CD2T65G1-I5 6MP IP IR Bullet Kamer - Kamera Kontrol Sistemleri","og_description":"6Mp \u00c7\u00f6z\u00fcn\u00fcrl\u00fck, 1\/2,4\" 3072x2048px, 0.008 lux (F1.2, AGC a\u00e7\u0131k), 4mm Sabit Lens, ICR, 3D DNR, 120dB WDR, 50metre Gece G\u00f6r\u00fc\u015f Mesafesi, H.265, H.265+, H.264+, \u00dc\u00e7l\u00fc Ak\u0131\u015f, BLC, HLC, ROI, mSD Deste\u011fi (~128GB), NAS deste\u011fi, ANR, ak\u0131ll\u0131 analiz =Hareket alg\u0131lama, Aynalama, Analizler (Hat ihlali, izinsiz giri\u015f, unutulan e\u015fya, kaybolan nesne), Sahne de\u011fi\u015fikli\u011fi","og_url":"https:\/\/kamerakontrolsistemleri.com\/index.php\/product\/hikvision-ds-2cd2t65g1-i5-6mp-ip-ir-bullet-kamer\/","og_site_name":"Kamera Kontrol Sistemleri","article_publisher":"https:\/\/www.facebook.com\/akottech","article_modified_time":"2020-11-28T18:32:25+00:00","og_image":[{"width":1000,"height":1000,"url":"https:\/\/kamerakontrolsistemleri.com\/wp-content\/uploads\/2020\/11\/0000122_hikvision-ds-2cd2625fwd-izs-2mp-motorize-lensli-ip-ir-bullet-kamera-2.jpeg","type":"image\/jpeg"}],"schema":{"@context":"https:\/\/schema.org","@graph":[{"@type":"WebPage","@id":"https:\/\/kamerakontrolsistemleri.com\/index.php\/product\/hikvision-ds-2cd2t65g1-i5-6mp-ip-ir-bullet-kamer\/","url":"https:\/\/kamerakontrolsistemleri.com\/index.php\/product\/hikvision-ds-2cd2t65g1-i5-6mp-ip-ir-bullet-kamer\/","name":"Hikvision DS-2CD2T65G1-I5 6MP IP IR Bullet Kamer - Kamera Kontrol Sistemleri","isPartOf":{"@id":"https:\/\/kamerakontrolsistemleri.com\/#website"},"primaryImageOfPage":{"@id":"https:\/\/kamerakontrolsistemleri.com\/index.php\/product\/hikvision-ds-2cd2t65g1-i5-6mp-ip-ir-bullet-kamer\/#primaryimage"},"image":{"@id":"https:\/\/kamerakontrolsistemleri.com\/index.php\/product\/hikvision-ds-2cd2t65g1-i5-6mp-ip-ir-bullet-kamer\/#primaryimage"},"thumbnailUrl":"https:\/\/kamerakontrolsistemleri.com\/wp-content\/uploads\/2020\/11\/0000122_hikvision-ds-2cd2625fwd-izs-2mp-motorize-lensli-ip-ir-bullet-kamera-2.jpeg","datePublished":"2020-11-28T17:32:30+00:00","dateModified":"2020-11-28T18:32:25+00:00","description":"6Mp \u00c7\u00f6z\u00fcn\u00fcrl\u00fck, 1\/2,4\" 3072x2048px, 0.008 lux (F1.2, AGC a\u00e7\u0131k), 4mm Sabit Lens, ICR, 3D DNR, 120dB WDR, 50metre Gece G\u00f6r\u00fc\u015f Mesafesi, H.265, H.265+, H.264+, \u00dc\u00e7l\u00fc Ak\u0131\u015f, BLC, HLC, ROI, mSD Deste\u011fi (~128GB), NAS deste\u011fi, ANR, ak\u0131ll\u0131 analiz =Hareket alg\u0131lama, Aynalama, Analizler (Hat ihlali, izinsiz giri\u015f, unutulan e\u015fya, kaybolan nesne), Sahne de\u011fi\u015fikli\u011fi","breadcrumb":{"@id":"https:\/\/kamerakontrolsistemleri.com\/index.php\/product\/hikvision-ds-2cd2t65g1-i5-6mp-ip-ir-bullet-kamer\/#breadcrumb"},"inLanguage":"tr","potentialAction":[{"@type":"ReadAction","target":["https:\/\/kamerakontrolsistemleri.com\/index.php\/product\/hikvision-ds-2cd2t65g1-i5-6mp-ip-ir-bullet-kamer\/"]}]},{"@type":"ImageObject","inLanguage":"tr","@id":"https:\/\/kamerakontrolsistemleri.com\/index.php\/product\/hikvision-ds-2cd2t65g1-i5-6mp-ip-ir-bullet-kamer\/#primaryimage","url":"https:\/\/kamerakontrolsistemleri.com\/wp-content\/uploads\/2020\/11\/0000122_hikvision-ds-2cd2625fwd-izs-2mp-motorize-lensli-ip-ir-bullet-kamera-2.jpeg","contentUrl":"https:\/\/kamerakontrolsistemleri.com\/wp-content\/uploads\/2020\/11\/0000122_hikvision-ds-2cd2625fwd-izs-2mp-motorize-lensli-ip-ir-bullet-kamera-2.jpeg","width":1000,"height":1000},{"@type":"BreadcrumbList","@id":"https:\/\/kamerakontrolsistemleri.com\/index.php\/product\/hikvision-ds-2cd2t65g1-i5-6mp-ip-ir-bullet-kamer\/#breadcrumb","itemListElement":[{"@type":"ListItem","position":1,"name":"Ana sayfa","item":"https:\/\/kamerakontrolsistemleri.com\/"},{"@type":"ListItem","position":2,"name":"\u00dcr\u00fcnler","item":"https:\/\/kamerakontrolsistemleri.com\/index.php\/urunler\/"},{"@type":"ListItem","position":3,"name":"Hikvision DS-2CD2T65G1-I5 6MP IP IR Bullet Kamer"}]},{"@type":"WebSite","@id":"https:\/\/kamerakontrolsistemleri.com\/#website","url":"https:\/\/kamerakontrolsistemleri.com\/","name":"Kamera Kontrol Sistemleri","description":"Toptan fiyat\u0131na al\u0131\u015fveri\u015f imkan\u0131","publisher":{"@id":"https:\/\/kamerakontrolsistemleri.com\/#organization"},"potentialAction":[{"@type":"SearchAction","target":{"@type":"EntryPoint","urlTemplate":"https:\/\/kamerakontrolsistemleri.com\/?s={search_term_string}"},"query-input":{"@type":"PropertyValueSpecification","valueRequired":true,"valueName":"search_term_string"}}],"inLanguage":"tr"},{"@type":"Organization","@id":"https:\/\/kamerakontrolsistemleri.com\/#organization","name":"Akotech G\u00fcvenlik Sistemleri","url":"https:\/\/kamerakontrolsistemleri.com\/","logo":{"@type":"ImageObject","inLanguage":"tr","@id":"https:\/\/kamerakontrolsistemleri.com\/#\/schema\/logo\/image\/","url":"https:\/\/kamerakontrolsistemleri.com\/wp-content\/uploads\/2020\/12\/37335611_391154311412387_1999192248473878528_o.jpg","contentUrl":"https:\/\/kamerakontrolsistemleri.com\/wp-content\/uploads\/2020\/12\/37335611_391154311412387_1999192248473878528_o.jpg","width":1129,"height":1129,"caption":"Akotech G\u00fcvenlik Sistemleri"},"image":{"@id":"https:\/\/kamerakontrolsistemleri.com\/#\/schema\/logo\/image\/"},"sameAs":["https:\/\/www.facebook.com\/akottech","https:\/\/www.instagram.com\/akottechguvenlik\/"]}]}},"jetpack_sharing_enabled":true,"_links":{"self":[{"href":"https:\/\/kamerakontrolsistemleri.com\/index.php\/wp-json\/wp\/v2\/product\/10973","targetHints":{"allow":["GET"]}}],"collection":[{"href":"https:\/\/kamerakontrolsistemleri.com\/index.php\/wp-json\/wp\/v2\/product"}],"about":[{"href":"https:\/\/kamerakontrolsistemleri.com\/index.php\/wp-json\/wp\/v2\/types\/product"}],"version-history":[{"count":0,"href":"https:\/\/kamerakontrolsistemleri.com\/index.php\/wp-json\/wp\/v2\/product\/10973\/revisions"}],"wp:featuredmedia":[{"embeddable":true,"href":"https:\/\/kamerakontrolsistemleri.com\/index.php\/wp-json\/wp\/v2\/media\/11312"}],"wp:attachment":[{"href":"https:\/\/kamerakontrolsistemleri.com\/index.php\/wp-json\/wp\/v2\/media?parent=10973"}],"wp:term":[{"taxonomy":"product_brand","embeddable":true,"href":"https:\/\/kamerakontrolsistemleri.com\/index.php\/wp-json\/wp\/v2\/product_brand?post=10973"},{"taxonomy":"product_cat","embeddable":true,"href":"https:\/\/kamerakontrolsistemleri.com\/index.php\/wp-json\/wp\/v2\/product_cat?post=10973"},{"taxonomy":"product_tag","embeddable":true,"href":"https:\/\/kamerakontrolsistemleri.com\/index.php\/wp-json\/wp\/v2\/product_tag?post=10973"}],"curies":[{"name":"wp","href":"https:\/\/api.w.org\/{rel}","templated":true}]}}