{"id":11067,"date":"2020-11-28T20:33:09","date_gmt":"2020-11-28T17:33:09","guid":{"rendered":"https:\/\/kamerakontrolsistemleri.com\/index.php\/product\/hikvision-ds-7204hthi-k1-4-kanal-dvr-kayit-cihazi-4k-destegi\/"},"modified":"2020-11-29T17:09:09","modified_gmt":"2020-11-29T14:09:09","slug":"hikvision-ds-7204hthi-k1-4-kanal-dvr-kayit-cihazi-4k-destegi","status":"publish","type":"product","link":"https:\/\/kamerakontrolsistemleri.com\/index.php\/product\/hikvision-ds-7204hthi-k1-4-kanal-dvr-kayit-cihazi-4k-destegi\/","title":{"rendered":"Hikvision DS-7204HTHI-K1 4 Kanal DVR Kay\u0131t Cihaz\u0131 4K Deste\u011fi"},"content":{"rendered":"","protected":false},"excerpt":{"rendered":"<div class=\"short-description\">4 Kanal 8.0 MP&#8217; ye Kadar, HD-TVI, AHD(1080P), CVI, Analog, IP 2 Kanal (8.0 MP&#8217; ye Kadar IP )Hibrit Deste\u011fi 4K\/1080P Video \u00c7\u0131k\u0131\u015f\u0131, H.265+\/H.265\/H.264+\/H.264 Video S\u0131k\u0131\u015ft\u0131rma, 1 Adet 8 TB&#8217; ye Kadar Disk Deste\u011fi, -10\u00b0C \/ +55\u00b0C \u00c7al\u0131\u015fma S\u0131cakl\u0131\u011f\u0131, 12V DC, 4 Kanal Ses, 1XRJ45 10\/100, RS-485, Alarm 4\/1, Video Out \u00c7\u0131k\u0131\u015f\u0131<\/div>\n<div class=\"prices\"><\/div>\n","protected":false},"featured_media":11462,"template":"","meta":[],"product_brand":[],"product_cat":[147],"product_tag":[],"class_list":{"0":"post-11067","1":"product","2":"type-product","3":"status-publish","4":"has-post-thumbnail","6":"product_cat-4-kanal-dvr-kayit-cihazlari","7":"pa_marka-hikvision","9":"first","10":"instock","11":"taxable","12":"shipping-taxable","13":"purchasable","14":"product-type-simple"},"yoast_head":"<!-- This site is optimized with the Yoast SEO plugin v27.3 - https:\/\/yoast.com\/product\/yoast-seo-wordpress\/ -->\n<title>Hikvision DS-7204HTHI-K1 4 Kanal DVR Kay\u0131t Cihaz\u0131 4K Deste\u011fi - Kamera Kontrol Sistemleri<\/title>\n<meta name=\"description\" content=\"4 Kanal 8.0 MP&#039; ye Kadar, HD-TVI, AHD(1080P), CVI, Analog, IP 2 Kanal (8.0 MP&#039; ye Kadar IP )Hibrit Deste\u011fi 4K\/1080P Video \u00c7\u0131k\u0131\u015f\u0131, H.265+\/H.265\/H.264+\/H.264 Video S\u0131k\u0131\u015ft\u0131rma, 1 Adet 8 TB&#039; ye Kadar Disk Deste\u011fi, -10\u00b0C \/ +55\u00b0C \u00c7al\u0131\u015fma S\u0131cakl\u0131\u011f\u0131, 12V DC, 4 Kanal Ses, 1XRJ45 10\/100, RS-485, Alarm 4\/1, Video Out \u00c7\u0131k\u0131\u015f\u0131\" \/>\n<meta name=\"robots\" content=\"index, follow, max-snippet:-1, max-image-preview:large, max-video-preview:-1\" \/>\n<link rel=\"canonical\" href=\"https:\/\/kamerakontrolsistemleri.com\/index.php\/product\/hikvision-ds-7204hthi-k1-4-kanal-dvr-kayit-cihazi-4k-destegi\/\" \/>\n<meta property=\"og:locale\" content=\"tr_TR\" \/>\n<meta property=\"og:type\" content=\"article\" \/>\n<meta property=\"og:title\" content=\"Hikvision DS-7204HTHI-K1 4 Kanal DVR Kay\u0131t Cihaz\u0131 4K Deste\u011fi - Kamera Kontrol Sistemleri\" \/>\n<meta property=\"og:description\" content=\"4 Kanal 8.0 MP&#039; ye Kadar, HD-TVI, AHD(1080P), CVI, Analog, IP 2 Kanal (8.0 MP&#039; ye Kadar IP )Hibrit Deste\u011fi 4K\/1080P Video \u00c7\u0131k\u0131\u015f\u0131, H.265+\/H.265\/H.264+\/H.264 Video S\u0131k\u0131\u015ft\u0131rma, 1 Adet 8 TB&#039; ye Kadar Disk Deste\u011fi, -10\u00b0C \/ +55\u00b0C \u00c7al\u0131\u015fma S\u0131cakl\u0131\u011f\u0131, 12V DC, 4 Kanal Ses, 1XRJ45 10\/100, RS-485, Alarm 4\/1, Video Out \u00c7\u0131k\u0131\u015f\u0131\" \/>\n<meta property=\"og:url\" content=\"https:\/\/kamerakontrolsistemleri.com\/index.php\/product\/hikvision-ds-7204hthi-k1-4-kanal-dvr-kayit-cihazi-4k-destegi\/\" \/>\n<meta property=\"og:site_name\" content=\"Kamera Kontrol Sistemleri\" \/>\n<meta property=\"article:publisher\" content=\"https:\/\/www.facebook.com\/akottech\" \/>\n<meta property=\"article:modified_time\" content=\"2020-11-29T14:09:09+00:00\" \/>\n<meta property=\"og:image\" content=\"https:\/\/kamerakontrolsistemleri.com\/wp-content\/uploads\/2020\/11\/0000175_hikvision-ds-7204hthi-k1-4-kanal-dvr-kayit-cihazi-4k-destegi.jpeg\" \/>\n\t<meta property=\"og:image:width\" content=\"1000\" \/>\n\t<meta property=\"og:image:height\" content=\"1000\" \/>\n\t<meta property=\"og:image:type\" content=\"image\/jpeg\" \/>\n<script type=\"application\/ld+json\" class=\"yoast-schema-graph\">{\"@context\":\"https:\\\/\\\/schema.org\",\"@graph\":[{\"@type\":\"WebPage\",\"@id\":\"https:\\\/\\\/kamerakontrolsistemleri.com\\\/index.php\\\/product\\\/hikvision-ds-7204hthi-k1-4-kanal-dvr-kayit-cihazi-4k-destegi\\\/\",\"url\":\"https:\\\/\\\/kamerakontrolsistemleri.com\\\/index.php\\\/product\\\/hikvision-ds-7204hthi-k1-4-kanal-dvr-kayit-cihazi-4k-destegi\\\/\",\"name\":\"Hikvision DS-7204HTHI-K1 4 Kanal DVR Kay\u0131t Cihaz\u0131 4K Deste\u011fi - Kamera Kontrol Sistemleri\",\"isPartOf\":{\"@id\":\"https:\\\/\\\/kamerakontrolsistemleri.com\\\/#website\"},\"primaryImageOfPage\":{\"@id\":\"https:\\\/\\\/kamerakontrolsistemleri.com\\\/index.php\\\/product\\\/hikvision-ds-7204hthi-k1-4-kanal-dvr-kayit-cihazi-4k-destegi\\\/#primaryimage\"},\"image\":{\"@id\":\"https:\\\/\\\/kamerakontrolsistemleri.com\\\/index.php\\\/product\\\/hikvision-ds-7204hthi-k1-4-kanal-dvr-kayit-cihazi-4k-destegi\\\/#primaryimage\"},\"thumbnailUrl\":\"https:\\\/\\\/kamerakontrolsistemleri.com\\\/wp-content\\\/uploads\\\/2020\\\/11\\\/0000175_hikvision-ds-7204hthi-k1-4-kanal-dvr-kayit-cihazi-4k-destegi.jpeg\",\"datePublished\":\"2020-11-28T17:33:09+00:00\",\"dateModified\":\"2020-11-29T14:09:09+00:00\",\"description\":\"4 Kanal 8.0 MP' ye Kadar, HD-TVI, AHD(1080P), CVI, Analog, IP 2 Kanal (8.0 MP' ye Kadar IP )Hibrit Deste\u011fi 4K\\\/1080P Video \u00c7\u0131k\u0131\u015f\u0131, H.265+\\\/H.265\\\/H.264+\\\/H.264 Video S\u0131k\u0131\u015ft\u0131rma, 1 Adet 8 TB' ye Kadar Disk Deste\u011fi, -10\u00b0C \\\/ +55\u00b0C \u00c7al\u0131\u015fma S\u0131cakl\u0131\u011f\u0131, 12V DC, 4 Kanal Ses, 1XRJ45 10\\\/100, RS-485, Alarm 4\\\/1, Video Out \u00c7\u0131k\u0131\u015f\u0131\",\"breadcrumb\":{\"@id\":\"https:\\\/\\\/kamerakontrolsistemleri.com\\\/index.php\\\/product\\\/hikvision-ds-7204hthi-k1-4-kanal-dvr-kayit-cihazi-4k-destegi\\\/#breadcrumb\"},\"inLanguage\":\"tr\",\"potentialAction\":[{\"@type\":\"ReadAction\",\"target\":[\"https:\\\/\\\/kamerakontrolsistemleri.com\\\/index.php\\\/product\\\/hikvision-ds-7204hthi-k1-4-kanal-dvr-kayit-cihazi-4k-destegi\\\/\"]}]},{\"@type\":\"ImageObject\",\"inLanguage\":\"tr\",\"@id\":\"https:\\\/\\\/kamerakontrolsistemleri.com\\\/index.php\\\/product\\\/hikvision-ds-7204hthi-k1-4-kanal-dvr-kayit-cihazi-4k-destegi\\\/#primaryimage\",\"url\":\"https:\\\/\\\/kamerakontrolsistemleri.com\\\/wp-content\\\/uploads\\\/2020\\\/11\\\/0000175_hikvision-ds-7204hthi-k1-4-kanal-dvr-kayit-cihazi-4k-destegi.jpeg\",\"contentUrl\":\"https:\\\/\\\/kamerakontrolsistemleri.com\\\/wp-content\\\/uploads\\\/2020\\\/11\\\/0000175_hikvision-ds-7204hthi-k1-4-kanal-dvr-kayit-cihazi-4k-destegi.jpeg\",\"width\":1000,\"height\":1000},{\"@type\":\"BreadcrumbList\",\"@id\":\"https:\\\/\\\/kamerakontrolsistemleri.com\\\/index.php\\\/product\\\/hikvision-ds-7204hthi-k1-4-kanal-dvr-kayit-cihazi-4k-destegi\\\/#breadcrumb\",\"itemListElement\":[{\"@type\":\"ListItem\",\"position\":1,\"name\":\"Ana sayfa\",\"item\":\"https:\\\/\\\/kamerakontrolsistemleri.com\\\/\"},{\"@type\":\"ListItem\",\"position\":2,\"name\":\"\u00dcr\u00fcnler\",\"item\":\"https:\\\/\\\/kamerakontrolsistemleri.com\\\/index.php\\\/urunler\\\/\"},{\"@type\":\"ListItem\",\"position\":3,\"name\":\"Hikvision DS-7204HTHI-K1 4 Kanal DVR Kay\u0131t Cihaz\u0131 4K Deste\u011fi\"}]},{\"@type\":\"WebSite\",\"@id\":\"https:\\\/\\\/kamerakontrolsistemleri.com\\\/#website\",\"url\":\"https:\\\/\\\/kamerakontrolsistemleri.com\\\/\",\"name\":\"Kamera Kontrol Sistemleri\",\"description\":\"Toptan fiyat\u0131na al\u0131\u015fveri\u015f imkan\u0131\",\"publisher\":{\"@id\":\"https:\\\/\\\/kamerakontrolsistemleri.com\\\/#organization\"},\"potentialAction\":[{\"@type\":\"SearchAction\",\"target\":{\"@type\":\"EntryPoint\",\"urlTemplate\":\"https:\\\/\\\/kamerakontrolsistemleri.com\\\/?s={search_term_string}\"},\"query-input\":{\"@type\":\"PropertyValueSpecification\",\"valueRequired\":true,\"valueName\":\"search_term_string\"}}],\"inLanguage\":\"tr\"},{\"@type\":\"Organization\",\"@id\":\"https:\\\/\\\/kamerakontrolsistemleri.com\\\/#organization\",\"name\":\"Akotech G\u00fcvenlik Sistemleri\",\"url\":\"https:\\\/\\\/kamerakontrolsistemleri.com\\\/\",\"logo\":{\"@type\":\"ImageObject\",\"inLanguage\":\"tr\",\"@id\":\"https:\\\/\\\/kamerakontrolsistemleri.com\\\/#\\\/schema\\\/logo\\\/image\\\/\",\"url\":\"https:\\\/\\\/kamerakontrolsistemleri.com\\\/wp-content\\\/uploads\\\/2020\\\/12\\\/37335611_391154311412387_1999192248473878528_o.jpg\",\"contentUrl\":\"https:\\\/\\\/kamerakontrolsistemleri.com\\\/wp-content\\\/uploads\\\/2020\\\/12\\\/37335611_391154311412387_1999192248473878528_o.jpg\",\"width\":1129,\"height\":1129,\"caption\":\"Akotech G\u00fcvenlik Sistemleri\"},\"image\":{\"@id\":\"https:\\\/\\\/kamerakontrolsistemleri.com\\\/#\\\/schema\\\/logo\\\/image\\\/\"},\"sameAs\":[\"https:\\\/\\\/www.facebook.com\\\/akottech\",\"https:\\\/\\\/www.instagram.com\\\/akottechguvenlik\\\/\"]}]}<\/script>\n<!-- \/ Yoast SEO plugin. -->","yoast_head_json":{"title":"Hikvision DS-7204HTHI-K1 4 Kanal DVR Kay\u0131t Cihaz\u0131 4K Deste\u011fi - Kamera Kontrol Sistemleri","description":"4 Kanal 8.0 MP' ye Kadar, HD-TVI, AHD(1080P), CVI, Analog, IP 2 Kanal (8.0 MP' ye Kadar IP )Hibrit Deste\u011fi 4K\/1080P Video \u00c7\u0131k\u0131\u015f\u0131, H.265+\/H.265\/H.264+\/H.264 Video S\u0131k\u0131\u015ft\u0131rma, 1 Adet 8 TB' ye Kadar Disk Deste\u011fi, -10\u00b0C \/ +55\u00b0C \u00c7al\u0131\u015fma S\u0131cakl\u0131\u011f\u0131, 12V DC, 4 Kanal Ses, 1XRJ45 10\/100, RS-485, Alarm 4\/1, Video Out \u00c7\u0131k\u0131\u015f\u0131","robots":{"index":"index","follow":"follow","max-snippet":"max-snippet:-1","max-image-preview":"max-image-preview:large","max-video-preview":"max-video-preview:-1"},"canonical":"https:\/\/kamerakontrolsistemleri.com\/index.php\/product\/hikvision-ds-7204hthi-k1-4-kanal-dvr-kayit-cihazi-4k-destegi\/","og_locale":"tr_TR","og_type":"article","og_title":"Hikvision DS-7204HTHI-K1 4 Kanal DVR Kay\u0131t Cihaz\u0131 4K Deste\u011fi - Kamera Kontrol Sistemleri","og_description":"4 Kanal 8.0 MP' ye Kadar, HD-TVI, AHD(1080P), CVI, Analog, IP 2 Kanal (8.0 MP' ye Kadar IP )Hibrit Deste\u011fi 4K\/1080P Video \u00c7\u0131k\u0131\u015f\u0131, H.265+\/H.265\/H.264+\/H.264 Video S\u0131k\u0131\u015ft\u0131rma, 1 Adet 8 TB' ye Kadar Disk Deste\u011fi, -10\u00b0C \/ +55\u00b0C \u00c7al\u0131\u015fma S\u0131cakl\u0131\u011f\u0131, 12V DC, 4 Kanal Ses, 1XRJ45 10\/100, RS-485, Alarm 4\/1, Video Out \u00c7\u0131k\u0131\u015f\u0131","og_url":"https:\/\/kamerakontrolsistemleri.com\/index.php\/product\/hikvision-ds-7204hthi-k1-4-kanal-dvr-kayit-cihazi-4k-destegi\/","og_site_name":"Kamera Kontrol Sistemleri","article_publisher":"https:\/\/www.facebook.com\/akottech","article_modified_time":"2020-11-29T14:09:09+00:00","og_image":[{"width":1000,"height":1000,"url":"https:\/\/kamerakontrolsistemleri.com\/wp-content\/uploads\/2020\/11\/0000175_hikvision-ds-7204hthi-k1-4-kanal-dvr-kayit-cihazi-4k-destegi.jpeg","type":"image\/jpeg"}],"schema":{"@context":"https:\/\/schema.org","@graph":[{"@type":"WebPage","@id":"https:\/\/kamerakontrolsistemleri.com\/index.php\/product\/hikvision-ds-7204hthi-k1-4-kanal-dvr-kayit-cihazi-4k-destegi\/","url":"https:\/\/kamerakontrolsistemleri.com\/index.php\/product\/hikvision-ds-7204hthi-k1-4-kanal-dvr-kayit-cihazi-4k-destegi\/","name":"Hikvision DS-7204HTHI-K1 4 Kanal DVR Kay\u0131t Cihaz\u0131 4K Deste\u011fi - Kamera Kontrol Sistemleri","isPartOf":{"@id":"https:\/\/kamerakontrolsistemleri.com\/#website"},"primaryImageOfPage":{"@id":"https:\/\/kamerakontrolsistemleri.com\/index.php\/product\/hikvision-ds-7204hthi-k1-4-kanal-dvr-kayit-cihazi-4k-destegi\/#primaryimage"},"image":{"@id":"https:\/\/kamerakontrolsistemleri.com\/index.php\/product\/hikvision-ds-7204hthi-k1-4-kanal-dvr-kayit-cihazi-4k-destegi\/#primaryimage"},"thumbnailUrl":"https:\/\/kamerakontrolsistemleri.com\/wp-content\/uploads\/2020\/11\/0000175_hikvision-ds-7204hthi-k1-4-kanal-dvr-kayit-cihazi-4k-destegi.jpeg","datePublished":"2020-11-28T17:33:09+00:00","dateModified":"2020-11-29T14:09:09+00:00","description":"4 Kanal 8.0 MP' ye Kadar, HD-TVI, AHD(1080P), CVI, Analog, IP 2 Kanal (8.0 MP' ye Kadar IP )Hibrit Deste\u011fi 4K\/1080P Video \u00c7\u0131k\u0131\u015f\u0131, H.265+\/H.265\/H.264+\/H.264 Video S\u0131k\u0131\u015ft\u0131rma, 1 Adet 8 TB' ye Kadar Disk Deste\u011fi, -10\u00b0C \/ +55\u00b0C \u00c7al\u0131\u015fma S\u0131cakl\u0131\u011f\u0131, 12V DC, 4 Kanal Ses, 1XRJ45 10\/100, RS-485, Alarm 4\/1, Video Out \u00c7\u0131k\u0131\u015f\u0131","breadcrumb":{"@id":"https:\/\/kamerakontrolsistemleri.com\/index.php\/product\/hikvision-ds-7204hthi-k1-4-kanal-dvr-kayit-cihazi-4k-destegi\/#breadcrumb"},"inLanguage":"tr","potentialAction":[{"@type":"ReadAction","target":["https:\/\/kamerakontrolsistemleri.com\/index.php\/product\/hikvision-ds-7204hthi-k1-4-kanal-dvr-kayit-cihazi-4k-destegi\/"]}]},{"@type":"ImageObject","inLanguage":"tr","@id":"https:\/\/kamerakontrolsistemleri.com\/index.php\/product\/hikvision-ds-7204hthi-k1-4-kanal-dvr-kayit-cihazi-4k-destegi\/#primaryimage","url":"https:\/\/kamerakontrolsistemleri.com\/wp-content\/uploads\/2020\/11\/0000175_hikvision-ds-7204hthi-k1-4-kanal-dvr-kayit-cihazi-4k-destegi.jpeg","contentUrl":"https:\/\/kamerakontrolsistemleri.com\/wp-content\/uploads\/2020\/11\/0000175_hikvision-ds-7204hthi-k1-4-kanal-dvr-kayit-cihazi-4k-destegi.jpeg","width":1000,"height":1000},{"@type":"BreadcrumbList","@id":"https:\/\/kamerakontrolsistemleri.com\/index.php\/product\/hikvision-ds-7204hthi-k1-4-kanal-dvr-kayit-cihazi-4k-destegi\/#breadcrumb","itemListElement":[{"@type":"ListItem","position":1,"name":"Ana sayfa","item":"https:\/\/kamerakontrolsistemleri.com\/"},{"@type":"ListItem","position":2,"name":"\u00dcr\u00fcnler","item":"https:\/\/kamerakontrolsistemleri.com\/index.php\/urunler\/"},{"@type":"ListItem","position":3,"name":"Hikvision DS-7204HTHI-K1 4 Kanal DVR Kay\u0131t Cihaz\u0131 4K Deste\u011fi"}]},{"@type":"WebSite","@id":"https:\/\/kamerakontrolsistemleri.com\/#website","url":"https:\/\/kamerakontrolsistemleri.com\/","name":"Kamera Kontrol Sistemleri","description":"Toptan fiyat\u0131na al\u0131\u015fveri\u015f imkan\u0131","publisher":{"@id":"https:\/\/kamerakontrolsistemleri.com\/#organization"},"potentialAction":[{"@type":"SearchAction","target":{"@type":"EntryPoint","urlTemplate":"https:\/\/kamerakontrolsistemleri.com\/?s={search_term_string}"},"query-input":{"@type":"PropertyValueSpecification","valueRequired":true,"valueName":"search_term_string"}}],"inLanguage":"tr"},{"@type":"Organization","@id":"https:\/\/kamerakontrolsistemleri.com\/#organization","name":"Akotech G\u00fcvenlik Sistemleri","url":"https:\/\/kamerakontrolsistemleri.com\/","logo":{"@type":"ImageObject","inLanguage":"tr","@id":"https:\/\/kamerakontrolsistemleri.com\/#\/schema\/logo\/image\/","url":"https:\/\/kamerakontrolsistemleri.com\/wp-content\/uploads\/2020\/12\/37335611_391154311412387_1999192248473878528_o.jpg","contentUrl":"https:\/\/kamerakontrolsistemleri.com\/wp-content\/uploads\/2020\/12\/37335611_391154311412387_1999192248473878528_o.jpg","width":1129,"height":1129,"caption":"Akotech G\u00fcvenlik Sistemleri"},"image":{"@id":"https:\/\/kamerakontrolsistemleri.com\/#\/schema\/logo\/image\/"},"sameAs":["https:\/\/www.facebook.com\/akottech","https:\/\/www.instagram.com\/akottechguvenlik\/"]}]}},"jetpack_sharing_enabled":true,"_links":{"self":[{"href":"https:\/\/kamerakontrolsistemleri.com\/index.php\/wp-json\/wp\/v2\/product\/11067","targetHints":{"allow":["GET"]}}],"collection":[{"href":"https:\/\/kamerakontrolsistemleri.com\/index.php\/wp-json\/wp\/v2\/product"}],"about":[{"href":"https:\/\/kamerakontrolsistemleri.com\/index.php\/wp-json\/wp\/v2\/types\/product"}],"version-history":[{"count":0,"href":"https:\/\/kamerakontrolsistemleri.com\/index.php\/wp-json\/wp\/v2\/product\/11067\/revisions"}],"wp:featuredmedia":[{"embeddable":true,"href":"https:\/\/kamerakontrolsistemleri.com\/index.php\/wp-json\/wp\/v2\/media\/11462"}],"wp:attachment":[{"href":"https:\/\/kamerakontrolsistemleri.com\/index.php\/wp-json\/wp\/v2\/media?parent=11067"}],"wp:term":[{"taxonomy":"product_brand","embeddable":true,"href":"https:\/\/kamerakontrolsistemleri.com\/index.php\/wp-json\/wp\/v2\/product_brand?post=11067"},{"taxonomy":"product_cat","embeddable":true,"href":"https:\/\/kamerakontrolsistemleri.com\/index.php\/wp-json\/wp\/v2\/product_cat?post=11067"},{"taxonomy":"product_tag","embeddable":true,"href":"https:\/\/kamerakontrolsistemleri.com\/index.php\/wp-json\/wp\/v2\/product_tag?post=11067"}],"curies":[{"name":"wp","href":"https:\/\/api.w.org\/{rel}","templated":true}]}}