{"id":12326,"date":"2021-01-02T16:55:14","date_gmt":"2021-01-02T13:55:14","guid":{"rendered":"https:\/\/kamerakontrolsistemleri.com\/?post_type=product&#038;p=12326"},"modified":"2021-01-02T16:55:15","modified_gmt":"2021-01-02T13:55:15","slug":"dahua-pfs4218-16et-240-16-kanal-poe-li-network-switch","status":"publish","type":"product","link":"https:\/\/kamerakontrolsistemleri.com\/index.php\/product\/dahua-pfs4218-16et-240-16-kanal-poe-li-network-switch\/","title":{"rendered":"Dahua PFS4218-16ET-240 16 Kanal Poe&#8217; li Network Switch"},"content":{"rendered":"","protected":false},"excerpt":{"rendered":"<p>16 Kanal (14 Kanal PoE+ 2 Kanal Hi-PoE Switch) (16FE PoE +2GE Combo) \u0130ki Katmanl\u0131 Y\u00f6netilebilir PoE Switch, PoE +, Hi-PoE (250 metre iletim), &#8216;Portakal portu&#8217; deste\u011fi, Hi-PoE PoE geni\u015fletici (PFT1300) ile kullan\u0131labilir, IEEE802.3af \/ IEEE802.3at PoE Protokol, Anahtarlama Kapasitesi 8.8G, Paket Y\u00f6nlendirme Oran\u0131 5.36Mpps , 2*10\/100\/1000 Base-T (Combo port), 2*1000 Base-X (Combo port), 16*10\/100 Base-T PoE G\u00fc\u00e7 Kayna\u011f\u0131, PoE Herbir G\u00fc\u00e7 T\u00fcketimi: \u226430W \/ Toplam \u2264240W, De\u011fi\u015fim Modu: Depolama &amp; \u0130letme, AC100~240V<\/p>\n","protected":false},"featured_media":12327,"template":"","meta":[],"product_brand":[],"product_cat":[155,152],"product_tag":[],"class_list":{"0":"post-12326","1":"product","2":"type-product","3":"status-publish","4":"has-post-thumbnail","6":"product_cat-16-port-poe-switchler","7":"product_cat-poe-switchler","8":"pa_marka-dahua","10":"first","11":"instock","12":"taxable","13":"shipping-taxable","14":"purchasable","15":"product-type-simple"},"yoast_head":"<!-- This site is optimized with the Yoast SEO plugin v27.3 - https:\/\/yoast.com\/product\/yoast-seo-wordpress\/ -->\n<title>Dahua PFS4218-16ET-240 16 Kanal Poe&#039; li Network Switch - Kamera Kontrol Sistemleri<\/title>\n<meta name=\"description\" content=\"16 Kanal (14 Kanal PoE+ 2 Kanal Hi-PoE Switch) (16FE PoE +2GE Combo) \u0130ki Katmanl\u0131 Y\u00f6netilebilir PoE Switch, PoE +, Hi-PoE (250 metre iletim), &#039;Portakal portu&#039; deste\u011fi, Hi-PoE PoE geni\u015fletici (PFT1300) ile kullan\u0131labilir, IEEE802.3af \/ IEEE802.3at PoE Protokol, Anahtarlama Kapasitesi 8.8G, Paket Y\u00f6nlendirme Oran\u0131 5.36Mpps , 2*10\/100\/1000 Base-T (Combo port), 2*1000 Base-X (Combo port), 16*10\/100 Base-T PoE G\u00fc\u00e7 Kayna\u011f\u0131, PoE Herbir G\u00fc\u00e7 T\u00fcketimi: \u226430W \/ Toplam \u2264240W, De\u011fi\u015fim Modu: Depolama &amp; \u0130letme, AC100~240V\" \/>\n<meta name=\"robots\" content=\"index, follow, max-snippet:-1, max-image-preview:large, max-video-preview:-1\" \/>\n<link rel=\"canonical\" href=\"https:\/\/kamerakontrolsistemleri.com\/index.php\/product\/dahua-pfs4218-16et-240-16-kanal-poe-li-network-switch\/\" \/>\n<meta property=\"og:locale\" content=\"tr_TR\" \/>\n<meta property=\"og:type\" content=\"article\" \/>\n<meta property=\"og:title\" content=\"Dahua PFS4218-16ET-240 16 Kanal Poe&#039; li Network Switch - Kamera Kontrol Sistemleri\" \/>\n<meta property=\"og:description\" content=\"16 Kanal (14 Kanal PoE+ 2 Kanal Hi-PoE Switch) (16FE PoE +2GE Combo) \u0130ki Katmanl\u0131 Y\u00f6netilebilir PoE Switch, PoE +, Hi-PoE (250 metre iletim), &#039;Portakal portu&#039; deste\u011fi, Hi-PoE PoE geni\u015fletici (PFT1300) ile kullan\u0131labilir, IEEE802.3af \/ IEEE802.3at PoE Protokol, Anahtarlama Kapasitesi 8.8G, Paket Y\u00f6nlendirme Oran\u0131 5.36Mpps , 2*10\/100\/1000 Base-T (Combo port), 2*1000 Base-X (Combo port), 16*10\/100 Base-T PoE G\u00fc\u00e7 Kayna\u011f\u0131, PoE Herbir G\u00fc\u00e7 T\u00fcketimi: \u226430W \/ Toplam \u2264240W, De\u011fi\u015fim Modu: Depolama &amp; \u0130letme, AC100~240V\" \/>\n<meta property=\"og:url\" content=\"https:\/\/kamerakontrolsistemleri.com\/index.php\/product\/dahua-pfs4218-16et-240-16-kanal-poe-li-network-switch\/\" \/>\n<meta property=\"og:site_name\" content=\"Kamera Kontrol Sistemleri\" \/>\n<meta property=\"article:publisher\" content=\"https:\/\/www.facebook.com\/akottech\" \/>\n<meta property=\"article:modified_time\" content=\"2021-01-02T13:55:15+00:00\" \/>\n<meta property=\"og:image\" content=\"https:\/\/kamerakontrolsistemleri.com\/wp-content\/uploads\/2021\/01\/0000388_dahua-pfs4218-16et-240-16-kanal-poe-li-network-switch_550.jpeg\" \/>\n\t<meta property=\"og:image:width\" content=\"550\" \/>\n\t<meta property=\"og:image:height\" content=\"458\" \/>\n\t<meta property=\"og:image:type\" content=\"image\/jpeg\" \/>\n<script type=\"application\/ld+json\" class=\"yoast-schema-graph\">{\"@context\":\"https:\\\/\\\/schema.org\",\"@graph\":[{\"@type\":\"WebPage\",\"@id\":\"https:\\\/\\\/kamerakontrolsistemleri.com\\\/index.php\\\/product\\\/dahua-pfs4218-16et-240-16-kanal-poe-li-network-switch\\\/\",\"url\":\"https:\\\/\\\/kamerakontrolsistemleri.com\\\/index.php\\\/product\\\/dahua-pfs4218-16et-240-16-kanal-poe-li-network-switch\\\/\",\"name\":\"Dahua PFS4218-16ET-240 16 Kanal Poe' li Network Switch - Kamera Kontrol Sistemleri\",\"isPartOf\":{\"@id\":\"https:\\\/\\\/kamerakontrolsistemleri.com\\\/#website\"},\"primaryImageOfPage\":{\"@id\":\"https:\\\/\\\/kamerakontrolsistemleri.com\\\/index.php\\\/product\\\/dahua-pfs4218-16et-240-16-kanal-poe-li-network-switch\\\/#primaryimage\"},\"image\":{\"@id\":\"https:\\\/\\\/kamerakontrolsistemleri.com\\\/index.php\\\/product\\\/dahua-pfs4218-16et-240-16-kanal-poe-li-network-switch\\\/#primaryimage\"},\"thumbnailUrl\":\"https:\\\/\\\/kamerakontrolsistemleri.com\\\/wp-content\\\/uploads\\\/2021\\\/01\\\/0000388_dahua-pfs4218-16et-240-16-kanal-poe-li-network-switch_550.jpeg\",\"datePublished\":\"2021-01-02T13:55:14+00:00\",\"dateModified\":\"2021-01-02T13:55:15+00:00\",\"description\":\"16 Kanal (14 Kanal PoE+ 2 Kanal Hi-PoE Switch) (16FE PoE +2GE Combo) \u0130ki Katmanl\u0131 Y\u00f6netilebilir PoE Switch, PoE +, Hi-PoE (250 metre iletim), 'Portakal portu' deste\u011fi, Hi-PoE PoE geni\u015fletici (PFT1300) ile kullan\u0131labilir, IEEE802.3af \\\/ IEEE802.3at PoE Protokol, Anahtarlama Kapasitesi 8.8G, Paket Y\u00f6nlendirme Oran\u0131 5.36Mpps , 2*10\\\/100\\\/1000 Base-T (Combo port), 2*1000 Base-X (Combo port), 16*10\\\/100 Base-T PoE G\u00fc\u00e7 Kayna\u011f\u0131, PoE Herbir G\u00fc\u00e7 T\u00fcketimi: \u226430W \\\/ Toplam \u2264240W, De\u011fi\u015fim Modu: Depolama &amp; \u0130letme, AC100~240V\",\"breadcrumb\":{\"@id\":\"https:\\\/\\\/kamerakontrolsistemleri.com\\\/index.php\\\/product\\\/dahua-pfs4218-16et-240-16-kanal-poe-li-network-switch\\\/#breadcrumb\"},\"inLanguage\":\"tr\",\"potentialAction\":[{\"@type\":\"ReadAction\",\"target\":[\"https:\\\/\\\/kamerakontrolsistemleri.com\\\/index.php\\\/product\\\/dahua-pfs4218-16et-240-16-kanal-poe-li-network-switch\\\/\"]}]},{\"@type\":\"ImageObject\",\"inLanguage\":\"tr\",\"@id\":\"https:\\\/\\\/kamerakontrolsistemleri.com\\\/index.php\\\/product\\\/dahua-pfs4218-16et-240-16-kanal-poe-li-network-switch\\\/#primaryimage\",\"url\":\"https:\\\/\\\/kamerakontrolsistemleri.com\\\/wp-content\\\/uploads\\\/2021\\\/01\\\/0000388_dahua-pfs4218-16et-240-16-kanal-poe-li-network-switch_550.jpeg\",\"contentUrl\":\"https:\\\/\\\/kamerakontrolsistemleri.com\\\/wp-content\\\/uploads\\\/2021\\\/01\\\/0000388_dahua-pfs4218-16et-240-16-kanal-poe-li-network-switch_550.jpeg\",\"width\":550,\"height\":458},{\"@type\":\"BreadcrumbList\",\"@id\":\"https:\\\/\\\/kamerakontrolsistemleri.com\\\/index.php\\\/product\\\/dahua-pfs4218-16et-240-16-kanal-poe-li-network-switch\\\/#breadcrumb\",\"itemListElement\":[{\"@type\":\"ListItem\",\"position\":1,\"name\":\"Ana sayfa\",\"item\":\"https:\\\/\\\/kamerakontrolsistemleri.com\\\/\"},{\"@type\":\"ListItem\",\"position\":2,\"name\":\"\u00dcr\u00fcnler\",\"item\":\"https:\\\/\\\/kamerakontrolsistemleri.com\\\/index.php\\\/urunler\\\/\"},{\"@type\":\"ListItem\",\"position\":3,\"name\":\"Dahua PFS4218-16ET-240 16 Kanal Poe&#8217; li Network Switch\"}]},{\"@type\":\"WebSite\",\"@id\":\"https:\\\/\\\/kamerakontrolsistemleri.com\\\/#website\",\"url\":\"https:\\\/\\\/kamerakontrolsistemleri.com\\\/\",\"name\":\"Kamera Kontrol Sistemleri\",\"description\":\"Toptan fiyat\u0131na al\u0131\u015fveri\u015f imkan\u0131\",\"publisher\":{\"@id\":\"https:\\\/\\\/kamerakontrolsistemleri.com\\\/#organization\"},\"potentialAction\":[{\"@type\":\"SearchAction\",\"target\":{\"@type\":\"EntryPoint\",\"urlTemplate\":\"https:\\\/\\\/kamerakontrolsistemleri.com\\\/?s={search_term_string}\"},\"query-input\":{\"@type\":\"PropertyValueSpecification\",\"valueRequired\":true,\"valueName\":\"search_term_string\"}}],\"inLanguage\":\"tr\"},{\"@type\":\"Organization\",\"@id\":\"https:\\\/\\\/kamerakontrolsistemleri.com\\\/#organization\",\"name\":\"Akotech G\u00fcvenlik Sistemleri\",\"url\":\"https:\\\/\\\/kamerakontrolsistemleri.com\\\/\",\"logo\":{\"@type\":\"ImageObject\",\"inLanguage\":\"tr\",\"@id\":\"https:\\\/\\\/kamerakontrolsistemleri.com\\\/#\\\/schema\\\/logo\\\/image\\\/\",\"url\":\"https:\\\/\\\/kamerakontrolsistemleri.com\\\/wp-content\\\/uploads\\\/2020\\\/12\\\/37335611_391154311412387_1999192248473878528_o.jpg\",\"contentUrl\":\"https:\\\/\\\/kamerakontrolsistemleri.com\\\/wp-content\\\/uploads\\\/2020\\\/12\\\/37335611_391154311412387_1999192248473878528_o.jpg\",\"width\":1129,\"height\":1129,\"caption\":\"Akotech G\u00fcvenlik Sistemleri\"},\"image\":{\"@id\":\"https:\\\/\\\/kamerakontrolsistemleri.com\\\/#\\\/schema\\\/logo\\\/image\\\/\"},\"sameAs\":[\"https:\\\/\\\/www.facebook.com\\\/akottech\",\"https:\\\/\\\/www.instagram.com\\\/akottechguvenlik\\\/\"]}]}<\/script>\n<!-- \/ Yoast SEO plugin. -->","yoast_head_json":{"title":"Dahua PFS4218-16ET-240 16 Kanal Poe' li Network Switch - Kamera Kontrol Sistemleri","description":"16 Kanal (14 Kanal PoE+ 2 Kanal Hi-PoE Switch) (16FE PoE +2GE Combo) \u0130ki Katmanl\u0131 Y\u00f6netilebilir PoE Switch, PoE +, Hi-PoE (250 metre iletim), 'Portakal portu' deste\u011fi, Hi-PoE PoE geni\u015fletici (PFT1300) ile kullan\u0131labilir, IEEE802.3af \/ IEEE802.3at PoE Protokol, Anahtarlama Kapasitesi 8.8G, Paket Y\u00f6nlendirme Oran\u0131 5.36Mpps , 2*10\/100\/1000 Base-T (Combo port), 2*1000 Base-X (Combo port), 16*10\/100 Base-T PoE G\u00fc\u00e7 Kayna\u011f\u0131, PoE Herbir G\u00fc\u00e7 T\u00fcketimi: \u226430W \/ Toplam \u2264240W, De\u011fi\u015fim Modu: Depolama &amp; \u0130letme, AC100~240V","robots":{"index":"index","follow":"follow","max-snippet":"max-snippet:-1","max-image-preview":"max-image-preview:large","max-video-preview":"max-video-preview:-1"},"canonical":"https:\/\/kamerakontrolsistemleri.com\/index.php\/product\/dahua-pfs4218-16et-240-16-kanal-poe-li-network-switch\/","og_locale":"tr_TR","og_type":"article","og_title":"Dahua PFS4218-16ET-240 16 Kanal Poe' li Network Switch - Kamera Kontrol Sistemleri","og_description":"16 Kanal (14 Kanal PoE+ 2 Kanal Hi-PoE Switch) (16FE PoE +2GE Combo) \u0130ki Katmanl\u0131 Y\u00f6netilebilir PoE Switch, PoE +, Hi-PoE (250 metre iletim), 'Portakal portu' deste\u011fi, Hi-PoE PoE geni\u015fletici (PFT1300) ile kullan\u0131labilir, IEEE802.3af \/ IEEE802.3at PoE Protokol, Anahtarlama Kapasitesi 8.8G, Paket Y\u00f6nlendirme Oran\u0131 5.36Mpps , 2*10\/100\/1000 Base-T (Combo port), 2*1000 Base-X (Combo port), 16*10\/100 Base-T PoE G\u00fc\u00e7 Kayna\u011f\u0131, PoE Herbir G\u00fc\u00e7 T\u00fcketimi: \u226430W \/ Toplam \u2264240W, De\u011fi\u015fim Modu: Depolama &amp; \u0130letme, AC100~240V","og_url":"https:\/\/kamerakontrolsistemleri.com\/index.php\/product\/dahua-pfs4218-16et-240-16-kanal-poe-li-network-switch\/","og_site_name":"Kamera Kontrol Sistemleri","article_publisher":"https:\/\/www.facebook.com\/akottech","article_modified_time":"2021-01-02T13:55:15+00:00","og_image":[{"width":550,"height":458,"url":"https:\/\/kamerakontrolsistemleri.com\/wp-content\/uploads\/2021\/01\/0000388_dahua-pfs4218-16et-240-16-kanal-poe-li-network-switch_550.jpeg","type":"image\/jpeg"}],"schema":{"@context":"https:\/\/schema.org","@graph":[{"@type":"WebPage","@id":"https:\/\/kamerakontrolsistemleri.com\/index.php\/product\/dahua-pfs4218-16et-240-16-kanal-poe-li-network-switch\/","url":"https:\/\/kamerakontrolsistemleri.com\/index.php\/product\/dahua-pfs4218-16et-240-16-kanal-poe-li-network-switch\/","name":"Dahua PFS4218-16ET-240 16 Kanal Poe' li Network Switch - Kamera Kontrol Sistemleri","isPartOf":{"@id":"https:\/\/kamerakontrolsistemleri.com\/#website"},"primaryImageOfPage":{"@id":"https:\/\/kamerakontrolsistemleri.com\/index.php\/product\/dahua-pfs4218-16et-240-16-kanal-poe-li-network-switch\/#primaryimage"},"image":{"@id":"https:\/\/kamerakontrolsistemleri.com\/index.php\/product\/dahua-pfs4218-16et-240-16-kanal-poe-li-network-switch\/#primaryimage"},"thumbnailUrl":"https:\/\/kamerakontrolsistemleri.com\/wp-content\/uploads\/2021\/01\/0000388_dahua-pfs4218-16et-240-16-kanal-poe-li-network-switch_550.jpeg","datePublished":"2021-01-02T13:55:14+00:00","dateModified":"2021-01-02T13:55:15+00:00","description":"16 Kanal (14 Kanal PoE+ 2 Kanal Hi-PoE Switch) (16FE PoE +2GE Combo) \u0130ki Katmanl\u0131 Y\u00f6netilebilir PoE Switch, PoE +, Hi-PoE (250 metre iletim), 'Portakal portu' deste\u011fi, Hi-PoE PoE geni\u015fletici (PFT1300) ile kullan\u0131labilir, IEEE802.3af \/ IEEE802.3at PoE Protokol, Anahtarlama Kapasitesi 8.8G, Paket Y\u00f6nlendirme Oran\u0131 5.36Mpps , 2*10\/100\/1000 Base-T (Combo port), 2*1000 Base-X (Combo port), 16*10\/100 Base-T PoE G\u00fc\u00e7 Kayna\u011f\u0131, PoE Herbir G\u00fc\u00e7 T\u00fcketimi: \u226430W \/ Toplam \u2264240W, De\u011fi\u015fim Modu: Depolama &amp; \u0130letme, AC100~240V","breadcrumb":{"@id":"https:\/\/kamerakontrolsistemleri.com\/index.php\/product\/dahua-pfs4218-16et-240-16-kanal-poe-li-network-switch\/#breadcrumb"},"inLanguage":"tr","potentialAction":[{"@type":"ReadAction","target":["https:\/\/kamerakontrolsistemleri.com\/index.php\/product\/dahua-pfs4218-16et-240-16-kanal-poe-li-network-switch\/"]}]},{"@type":"ImageObject","inLanguage":"tr","@id":"https:\/\/kamerakontrolsistemleri.com\/index.php\/product\/dahua-pfs4218-16et-240-16-kanal-poe-li-network-switch\/#primaryimage","url":"https:\/\/kamerakontrolsistemleri.com\/wp-content\/uploads\/2021\/01\/0000388_dahua-pfs4218-16et-240-16-kanal-poe-li-network-switch_550.jpeg","contentUrl":"https:\/\/kamerakontrolsistemleri.com\/wp-content\/uploads\/2021\/01\/0000388_dahua-pfs4218-16et-240-16-kanal-poe-li-network-switch_550.jpeg","width":550,"height":458},{"@type":"BreadcrumbList","@id":"https:\/\/kamerakontrolsistemleri.com\/index.php\/product\/dahua-pfs4218-16et-240-16-kanal-poe-li-network-switch\/#breadcrumb","itemListElement":[{"@type":"ListItem","position":1,"name":"Ana sayfa","item":"https:\/\/kamerakontrolsistemleri.com\/"},{"@type":"ListItem","position":2,"name":"\u00dcr\u00fcnler","item":"https:\/\/kamerakontrolsistemleri.com\/index.php\/urunler\/"},{"@type":"ListItem","position":3,"name":"Dahua PFS4218-16ET-240 16 Kanal Poe&#8217; li Network Switch"}]},{"@type":"WebSite","@id":"https:\/\/kamerakontrolsistemleri.com\/#website","url":"https:\/\/kamerakontrolsistemleri.com\/","name":"Kamera Kontrol Sistemleri","description":"Toptan fiyat\u0131na al\u0131\u015fveri\u015f imkan\u0131","publisher":{"@id":"https:\/\/kamerakontrolsistemleri.com\/#organization"},"potentialAction":[{"@type":"SearchAction","target":{"@type":"EntryPoint","urlTemplate":"https:\/\/kamerakontrolsistemleri.com\/?s={search_term_string}"},"query-input":{"@type":"PropertyValueSpecification","valueRequired":true,"valueName":"search_term_string"}}],"inLanguage":"tr"},{"@type":"Organization","@id":"https:\/\/kamerakontrolsistemleri.com\/#organization","name":"Akotech G\u00fcvenlik Sistemleri","url":"https:\/\/kamerakontrolsistemleri.com\/","logo":{"@type":"ImageObject","inLanguage":"tr","@id":"https:\/\/kamerakontrolsistemleri.com\/#\/schema\/logo\/image\/","url":"https:\/\/kamerakontrolsistemleri.com\/wp-content\/uploads\/2020\/12\/37335611_391154311412387_1999192248473878528_o.jpg","contentUrl":"https:\/\/kamerakontrolsistemleri.com\/wp-content\/uploads\/2020\/12\/37335611_391154311412387_1999192248473878528_o.jpg","width":1129,"height":1129,"caption":"Akotech G\u00fcvenlik Sistemleri"},"image":{"@id":"https:\/\/kamerakontrolsistemleri.com\/#\/schema\/logo\/image\/"},"sameAs":["https:\/\/www.facebook.com\/akottech","https:\/\/www.instagram.com\/akottechguvenlik\/"]}]}},"jetpack_sharing_enabled":true,"_links":{"self":[{"href":"https:\/\/kamerakontrolsistemleri.com\/index.php\/wp-json\/wp\/v2\/product\/12326","targetHints":{"allow":["GET"]}}],"collection":[{"href":"https:\/\/kamerakontrolsistemleri.com\/index.php\/wp-json\/wp\/v2\/product"}],"about":[{"href":"https:\/\/kamerakontrolsistemleri.com\/index.php\/wp-json\/wp\/v2\/types\/product"}],"version-history":[{"count":0,"href":"https:\/\/kamerakontrolsistemleri.com\/index.php\/wp-json\/wp\/v2\/product\/12326\/revisions"}],"wp:featuredmedia":[{"embeddable":true,"href":"https:\/\/kamerakontrolsistemleri.com\/index.php\/wp-json\/wp\/v2\/media\/12327"}],"wp:attachment":[{"href":"https:\/\/kamerakontrolsistemleri.com\/index.php\/wp-json\/wp\/v2\/media?parent=12326"}],"wp:term":[{"taxonomy":"product_brand","embeddable":true,"href":"https:\/\/kamerakontrolsistemleri.com\/index.php\/wp-json\/wp\/v2\/product_brand?post=12326"},{"taxonomy":"product_cat","embeddable":true,"href":"https:\/\/kamerakontrolsistemleri.com\/index.php\/wp-json\/wp\/v2\/product_cat?post=12326"},{"taxonomy":"product_tag","embeddable":true,"href":"https:\/\/kamerakontrolsistemleri.com\/index.php\/wp-json\/wp\/v2\/product_tag?post=12326"}],"curies":[{"name":"wp","href":"https:\/\/api.w.org\/{rel}","templated":true}]}}