{"id":12549,"date":"2021-01-02T20:17:05","date_gmt":"2021-01-02T17:17:05","guid":{"rendered":"https:\/\/kamerakontrolsistemleri.com\/?post_type=product&#038;p=12549"},"modified":"2021-01-02T20:17:05","modified_gmt":"2021-01-02T17:17:05","slug":"dahua-xvr7816s-4kl-x-16-kanal-xvr-nvr-kayit-cihazi","status":"publish","type":"product","link":"https:\/\/kamerakontrolsistemleri.com\/index.php\/product\/dahua-xvr7816s-4kl-x-16-kanal-xvr-nvr-kayit-cihazi\/","title":{"rendered":"Dahua XVR7816S-4KL-X 16 Kanal XVR + NVR Kay\u0131t Cihaz\u0131"},"content":{"rendered":"","protected":false},"excerpt":{"rendered":"<div class=\"short-description\">Maks. 8 MP\u2019ye kadar HDCVI kamera destekler, Kay\u0131t H\u0131z\u0131: 4K(1~7fps); 6MP(1~10fps); 5MP(1~12fps) 4MP\/3MP(1~15fps); 4M-N\/1080P\/720P\/960H(1~25\/30fps) HDCVI\/AHD\/TVI\/CVBS\/IP video giri\u015flerini destekler, IP Kamera Giri\u015fi: 16+16 (her kanal 12MP\u2019ye kadar), 128Mbps Bant Geni\u015fli\u011fi,Ses Giri\u015f\/\u00c7\u0131k\u0131\u015f: 16\/1, Ayr\u0131ca Dahili Mikrofonlu HDCVI Kamera ile 16 Kanalda Ses, IVS ve Y\u00fcz Alg\u0131lama destekler, Alarm Giri\u015f\/\u00c7\u0131k\u0131\u015f: 16\/6, 2 HDMI, 1 VGA 1 TV, 4 USB, 2 RJ45 port (10\/100\/1000Mbps), P2P<\/div>\n<div class=\"prices\"><\/div>\n","protected":false},"featured_media":12550,"template":"","meta":[],"product_brand":[],"product_cat":[149,146],"product_tag":[],"class_list":{"0":"post-12549","1":"product","2":"type-product","3":"status-publish","4":"has-post-thumbnail","6":"product_cat-16-kanal-dvr-kayit-cihazlari","7":"product_cat-dvr-dijital-kayit-cihazlari","8":"pa_marka-dahua","10":"first","11":"instock","12":"taxable","13":"shipping-taxable","14":"purchasable","15":"product-type-simple"},"yoast_head":"<!-- This site is optimized with the Yoast SEO plugin v27.3 - https:\/\/yoast.com\/product\/yoast-seo-wordpress\/ -->\n<title>Dahua XVR7816S-4KL-X 16 Kanal XVR + NVR Kay\u0131t Cihaz\u0131 - Kamera Kontrol Sistemleri<\/title>\n<meta name=\"description\" content=\"Maks. 8 MP\u2019ye kadar HDCVI kamera destekler, Kay\u0131t H\u0131z\u0131: 4K(1~7fps); 6MP(1~10fps); 5MP(1~12fps) 4MP\/3MP(1~15fps); 4M-N\/1080P\/720P\/960H(1~25\/30fps) HDCVI\/AHD\/TVI\/CVBS\/IP video giri\u015flerini destekler, IP Kamera Giri\u015fi: 16+16 (her kanal 12MP\u2019ye kadar), 128Mbps Bant Geni\u015fli\u011fi,Ses Giri\u015f\/\u00c7\u0131k\u0131\u015f: 16\/1, Ayr\u0131ca Dahili Mikrofonlu HDCVI Kamera ile 16 Kanalda Ses, IVS ve Y\u00fcz Alg\u0131lama destekler, Alarm Giri\u015f\/\u00c7\u0131k\u0131\u015f: 16\/6, 2 HDMI, 1 VGA 1 TV, 4 USB, 2 RJ45 port (10\/100\/1000Mbps), P2P\" \/>\n<meta name=\"robots\" content=\"index, follow, max-snippet:-1, max-image-preview:large, max-video-preview:-1\" \/>\n<link rel=\"canonical\" href=\"https:\/\/kamerakontrolsistemleri.com\/index.php\/product\/dahua-xvr7816s-4kl-x-16-kanal-xvr-nvr-kayit-cihazi\/\" \/>\n<meta property=\"og:locale\" content=\"tr_TR\" \/>\n<meta property=\"og:type\" content=\"article\" \/>\n<meta property=\"og:title\" content=\"Dahua XVR7816S-4KL-X 16 Kanal XVR + NVR Kay\u0131t Cihaz\u0131 - Kamera Kontrol Sistemleri\" \/>\n<meta property=\"og:description\" content=\"Maks. 8 MP\u2019ye kadar HDCVI kamera destekler, Kay\u0131t H\u0131z\u0131: 4K(1~7fps); 6MP(1~10fps); 5MP(1~12fps) 4MP\/3MP(1~15fps); 4M-N\/1080P\/720P\/960H(1~25\/30fps) HDCVI\/AHD\/TVI\/CVBS\/IP video giri\u015flerini destekler, IP Kamera Giri\u015fi: 16+16 (her kanal 12MP\u2019ye kadar), 128Mbps Bant Geni\u015fli\u011fi,Ses Giri\u015f\/\u00c7\u0131k\u0131\u015f: 16\/1, Ayr\u0131ca Dahili Mikrofonlu HDCVI Kamera ile 16 Kanalda Ses, IVS ve Y\u00fcz Alg\u0131lama destekler, Alarm Giri\u015f\/\u00c7\u0131k\u0131\u015f: 16\/6, 2 HDMI, 1 VGA 1 TV, 4 USB, 2 RJ45 port (10\/100\/1000Mbps), P2P\" \/>\n<meta property=\"og:url\" content=\"https:\/\/kamerakontrolsistemleri.com\/index.php\/product\/dahua-xvr7816s-4kl-x-16-kanal-xvr-nvr-kayit-cihazi\/\" \/>\n<meta property=\"og:site_name\" content=\"Kamera Kontrol Sistemleri\" \/>\n<meta property=\"article:publisher\" content=\"https:\/\/www.facebook.com\/akottech\" \/>\n<meta property=\"og:image\" content=\"https:\/\/kamerakontrolsistemleri.com\/wp-content\/uploads\/2021\/01\/0000521_dahua-xvr7816s-4kl-x-16-kanal-xvr-nvr-kayit-cihazi_550.jpeg\" \/>\n\t<meta property=\"og:image:width\" content=\"550\" \/>\n\t<meta property=\"og:image:height\" content=\"550\" \/>\n\t<meta property=\"og:image:type\" content=\"image\/jpeg\" \/>\n<script type=\"application\/ld+json\" class=\"yoast-schema-graph\">{\"@context\":\"https:\\\/\\\/schema.org\",\"@graph\":[{\"@type\":\"WebPage\",\"@id\":\"https:\\\/\\\/kamerakontrolsistemleri.com\\\/index.php\\\/product\\\/dahua-xvr7816s-4kl-x-16-kanal-xvr-nvr-kayit-cihazi\\\/\",\"url\":\"https:\\\/\\\/kamerakontrolsistemleri.com\\\/index.php\\\/product\\\/dahua-xvr7816s-4kl-x-16-kanal-xvr-nvr-kayit-cihazi\\\/\",\"name\":\"Dahua XVR7816S-4KL-X 16 Kanal XVR + NVR Kay\u0131t Cihaz\u0131 - Kamera Kontrol Sistemleri\",\"isPartOf\":{\"@id\":\"https:\\\/\\\/kamerakontrolsistemleri.com\\\/#website\"},\"primaryImageOfPage\":{\"@id\":\"https:\\\/\\\/kamerakontrolsistemleri.com\\\/index.php\\\/product\\\/dahua-xvr7816s-4kl-x-16-kanal-xvr-nvr-kayit-cihazi\\\/#primaryimage\"},\"image\":{\"@id\":\"https:\\\/\\\/kamerakontrolsistemleri.com\\\/index.php\\\/product\\\/dahua-xvr7816s-4kl-x-16-kanal-xvr-nvr-kayit-cihazi\\\/#primaryimage\"},\"thumbnailUrl\":\"https:\\\/\\\/kamerakontrolsistemleri.com\\\/wp-content\\\/uploads\\\/2021\\\/01\\\/0000521_dahua-xvr7816s-4kl-x-16-kanal-xvr-nvr-kayit-cihazi_550.jpeg\",\"datePublished\":\"2021-01-02T17:17:05+00:00\",\"description\":\"Maks. 8 MP\u2019ye kadar HDCVI kamera destekler, Kay\u0131t H\u0131z\u0131: 4K(1~7fps); 6MP(1~10fps); 5MP(1~12fps) 4MP\\\/3MP(1~15fps); 4M-N\\\/1080P\\\/720P\\\/960H(1~25\\\/30fps) HDCVI\\\/AHD\\\/TVI\\\/CVBS\\\/IP video giri\u015flerini destekler, IP Kamera Giri\u015fi: 16+16 (her kanal 12MP\u2019ye kadar), 128Mbps Bant Geni\u015fli\u011fi,Ses Giri\u015f\\\/\u00c7\u0131k\u0131\u015f: 16\\\/1, Ayr\u0131ca Dahili Mikrofonlu HDCVI Kamera ile 16 Kanalda Ses, IVS ve Y\u00fcz Alg\u0131lama destekler, Alarm Giri\u015f\\\/\u00c7\u0131k\u0131\u015f: 16\\\/6, 2 HDMI, 1 VGA 1 TV, 4 USB, 2 RJ45 port (10\\\/100\\\/1000Mbps), P2P\",\"breadcrumb\":{\"@id\":\"https:\\\/\\\/kamerakontrolsistemleri.com\\\/index.php\\\/product\\\/dahua-xvr7816s-4kl-x-16-kanal-xvr-nvr-kayit-cihazi\\\/#breadcrumb\"},\"inLanguage\":\"tr\",\"potentialAction\":[{\"@type\":\"ReadAction\",\"target\":[\"https:\\\/\\\/kamerakontrolsistemleri.com\\\/index.php\\\/product\\\/dahua-xvr7816s-4kl-x-16-kanal-xvr-nvr-kayit-cihazi\\\/\"]}]},{\"@type\":\"ImageObject\",\"inLanguage\":\"tr\",\"@id\":\"https:\\\/\\\/kamerakontrolsistemleri.com\\\/index.php\\\/product\\\/dahua-xvr7816s-4kl-x-16-kanal-xvr-nvr-kayit-cihazi\\\/#primaryimage\",\"url\":\"https:\\\/\\\/kamerakontrolsistemleri.com\\\/wp-content\\\/uploads\\\/2021\\\/01\\\/0000521_dahua-xvr7816s-4kl-x-16-kanal-xvr-nvr-kayit-cihazi_550.jpeg\",\"contentUrl\":\"https:\\\/\\\/kamerakontrolsistemleri.com\\\/wp-content\\\/uploads\\\/2021\\\/01\\\/0000521_dahua-xvr7816s-4kl-x-16-kanal-xvr-nvr-kayit-cihazi_550.jpeg\",\"width\":550,\"height\":550},{\"@type\":\"BreadcrumbList\",\"@id\":\"https:\\\/\\\/kamerakontrolsistemleri.com\\\/index.php\\\/product\\\/dahua-xvr7816s-4kl-x-16-kanal-xvr-nvr-kayit-cihazi\\\/#breadcrumb\",\"itemListElement\":[{\"@type\":\"ListItem\",\"position\":1,\"name\":\"Ana sayfa\",\"item\":\"https:\\\/\\\/kamerakontrolsistemleri.com\\\/\"},{\"@type\":\"ListItem\",\"position\":2,\"name\":\"\u00dcr\u00fcnler\",\"item\":\"https:\\\/\\\/kamerakontrolsistemleri.com\\\/index.php\\\/urunler\\\/\"},{\"@type\":\"ListItem\",\"position\":3,\"name\":\"Dahua XVR7816S-4KL-X 16 Kanal XVR + NVR Kay\u0131t Cihaz\u0131\"}]},{\"@type\":\"WebSite\",\"@id\":\"https:\\\/\\\/kamerakontrolsistemleri.com\\\/#website\",\"url\":\"https:\\\/\\\/kamerakontrolsistemleri.com\\\/\",\"name\":\"Kamera Kontrol Sistemleri\",\"description\":\"Toptan fiyat\u0131na al\u0131\u015fveri\u015f imkan\u0131\",\"publisher\":{\"@id\":\"https:\\\/\\\/kamerakontrolsistemleri.com\\\/#organization\"},\"potentialAction\":[{\"@type\":\"SearchAction\",\"target\":{\"@type\":\"EntryPoint\",\"urlTemplate\":\"https:\\\/\\\/kamerakontrolsistemleri.com\\\/?s={search_term_string}\"},\"query-input\":{\"@type\":\"PropertyValueSpecification\",\"valueRequired\":true,\"valueName\":\"search_term_string\"}}],\"inLanguage\":\"tr\"},{\"@type\":\"Organization\",\"@id\":\"https:\\\/\\\/kamerakontrolsistemleri.com\\\/#organization\",\"name\":\"Akotech G\u00fcvenlik Sistemleri\",\"url\":\"https:\\\/\\\/kamerakontrolsistemleri.com\\\/\",\"logo\":{\"@type\":\"ImageObject\",\"inLanguage\":\"tr\",\"@id\":\"https:\\\/\\\/kamerakontrolsistemleri.com\\\/#\\\/schema\\\/logo\\\/image\\\/\",\"url\":\"https:\\\/\\\/kamerakontrolsistemleri.com\\\/wp-content\\\/uploads\\\/2020\\\/12\\\/37335611_391154311412387_1999192248473878528_o.jpg\",\"contentUrl\":\"https:\\\/\\\/kamerakontrolsistemleri.com\\\/wp-content\\\/uploads\\\/2020\\\/12\\\/37335611_391154311412387_1999192248473878528_o.jpg\",\"width\":1129,\"height\":1129,\"caption\":\"Akotech G\u00fcvenlik Sistemleri\"},\"image\":{\"@id\":\"https:\\\/\\\/kamerakontrolsistemleri.com\\\/#\\\/schema\\\/logo\\\/image\\\/\"},\"sameAs\":[\"https:\\\/\\\/www.facebook.com\\\/akottech\",\"https:\\\/\\\/www.instagram.com\\\/akottechguvenlik\\\/\"]}]}<\/script>\n<!-- \/ Yoast SEO plugin. -->","yoast_head_json":{"title":"Dahua XVR7816S-4KL-X 16 Kanal XVR + NVR Kay\u0131t Cihaz\u0131 - Kamera Kontrol Sistemleri","description":"Maks. 8 MP\u2019ye kadar HDCVI kamera destekler, Kay\u0131t H\u0131z\u0131: 4K(1~7fps); 6MP(1~10fps); 5MP(1~12fps) 4MP\/3MP(1~15fps); 4M-N\/1080P\/720P\/960H(1~25\/30fps) HDCVI\/AHD\/TVI\/CVBS\/IP video giri\u015flerini destekler, IP Kamera Giri\u015fi: 16+16 (her kanal 12MP\u2019ye kadar), 128Mbps Bant Geni\u015fli\u011fi,Ses Giri\u015f\/\u00c7\u0131k\u0131\u015f: 16\/1, Ayr\u0131ca Dahili Mikrofonlu HDCVI Kamera ile 16 Kanalda Ses, IVS ve Y\u00fcz Alg\u0131lama destekler, Alarm Giri\u015f\/\u00c7\u0131k\u0131\u015f: 16\/6, 2 HDMI, 1 VGA 1 TV, 4 USB, 2 RJ45 port (10\/100\/1000Mbps), P2P","robots":{"index":"index","follow":"follow","max-snippet":"max-snippet:-1","max-image-preview":"max-image-preview:large","max-video-preview":"max-video-preview:-1"},"canonical":"https:\/\/kamerakontrolsistemleri.com\/index.php\/product\/dahua-xvr7816s-4kl-x-16-kanal-xvr-nvr-kayit-cihazi\/","og_locale":"tr_TR","og_type":"article","og_title":"Dahua XVR7816S-4KL-X 16 Kanal XVR + NVR Kay\u0131t Cihaz\u0131 - Kamera Kontrol Sistemleri","og_description":"Maks. 8 MP\u2019ye kadar HDCVI kamera destekler, Kay\u0131t H\u0131z\u0131: 4K(1~7fps); 6MP(1~10fps); 5MP(1~12fps) 4MP\/3MP(1~15fps); 4M-N\/1080P\/720P\/960H(1~25\/30fps) HDCVI\/AHD\/TVI\/CVBS\/IP video giri\u015flerini destekler, IP Kamera Giri\u015fi: 16+16 (her kanal 12MP\u2019ye kadar), 128Mbps Bant Geni\u015fli\u011fi,Ses Giri\u015f\/\u00c7\u0131k\u0131\u015f: 16\/1, Ayr\u0131ca Dahili Mikrofonlu HDCVI Kamera ile 16 Kanalda Ses, IVS ve Y\u00fcz Alg\u0131lama destekler, Alarm Giri\u015f\/\u00c7\u0131k\u0131\u015f: 16\/6, 2 HDMI, 1 VGA 1 TV, 4 USB, 2 RJ45 port (10\/100\/1000Mbps), P2P","og_url":"https:\/\/kamerakontrolsistemleri.com\/index.php\/product\/dahua-xvr7816s-4kl-x-16-kanal-xvr-nvr-kayit-cihazi\/","og_site_name":"Kamera Kontrol Sistemleri","article_publisher":"https:\/\/www.facebook.com\/akottech","og_image":[{"width":550,"height":550,"url":"https:\/\/kamerakontrolsistemleri.com\/wp-content\/uploads\/2021\/01\/0000521_dahua-xvr7816s-4kl-x-16-kanal-xvr-nvr-kayit-cihazi_550.jpeg","type":"image\/jpeg"}],"schema":{"@context":"https:\/\/schema.org","@graph":[{"@type":"WebPage","@id":"https:\/\/kamerakontrolsistemleri.com\/index.php\/product\/dahua-xvr7816s-4kl-x-16-kanal-xvr-nvr-kayit-cihazi\/","url":"https:\/\/kamerakontrolsistemleri.com\/index.php\/product\/dahua-xvr7816s-4kl-x-16-kanal-xvr-nvr-kayit-cihazi\/","name":"Dahua XVR7816S-4KL-X 16 Kanal XVR + NVR Kay\u0131t Cihaz\u0131 - Kamera Kontrol Sistemleri","isPartOf":{"@id":"https:\/\/kamerakontrolsistemleri.com\/#website"},"primaryImageOfPage":{"@id":"https:\/\/kamerakontrolsistemleri.com\/index.php\/product\/dahua-xvr7816s-4kl-x-16-kanal-xvr-nvr-kayit-cihazi\/#primaryimage"},"image":{"@id":"https:\/\/kamerakontrolsistemleri.com\/index.php\/product\/dahua-xvr7816s-4kl-x-16-kanal-xvr-nvr-kayit-cihazi\/#primaryimage"},"thumbnailUrl":"https:\/\/kamerakontrolsistemleri.com\/wp-content\/uploads\/2021\/01\/0000521_dahua-xvr7816s-4kl-x-16-kanal-xvr-nvr-kayit-cihazi_550.jpeg","datePublished":"2021-01-02T17:17:05+00:00","description":"Maks. 8 MP\u2019ye kadar HDCVI kamera destekler, Kay\u0131t H\u0131z\u0131: 4K(1~7fps); 6MP(1~10fps); 5MP(1~12fps) 4MP\/3MP(1~15fps); 4M-N\/1080P\/720P\/960H(1~25\/30fps) HDCVI\/AHD\/TVI\/CVBS\/IP video giri\u015flerini destekler, IP Kamera Giri\u015fi: 16+16 (her kanal 12MP\u2019ye kadar), 128Mbps Bant Geni\u015fli\u011fi,Ses Giri\u015f\/\u00c7\u0131k\u0131\u015f: 16\/1, Ayr\u0131ca Dahili Mikrofonlu HDCVI Kamera ile 16 Kanalda Ses, IVS ve Y\u00fcz Alg\u0131lama destekler, Alarm Giri\u015f\/\u00c7\u0131k\u0131\u015f: 16\/6, 2 HDMI, 1 VGA 1 TV, 4 USB, 2 RJ45 port (10\/100\/1000Mbps), P2P","breadcrumb":{"@id":"https:\/\/kamerakontrolsistemleri.com\/index.php\/product\/dahua-xvr7816s-4kl-x-16-kanal-xvr-nvr-kayit-cihazi\/#breadcrumb"},"inLanguage":"tr","potentialAction":[{"@type":"ReadAction","target":["https:\/\/kamerakontrolsistemleri.com\/index.php\/product\/dahua-xvr7816s-4kl-x-16-kanal-xvr-nvr-kayit-cihazi\/"]}]},{"@type":"ImageObject","inLanguage":"tr","@id":"https:\/\/kamerakontrolsistemleri.com\/index.php\/product\/dahua-xvr7816s-4kl-x-16-kanal-xvr-nvr-kayit-cihazi\/#primaryimage","url":"https:\/\/kamerakontrolsistemleri.com\/wp-content\/uploads\/2021\/01\/0000521_dahua-xvr7816s-4kl-x-16-kanal-xvr-nvr-kayit-cihazi_550.jpeg","contentUrl":"https:\/\/kamerakontrolsistemleri.com\/wp-content\/uploads\/2021\/01\/0000521_dahua-xvr7816s-4kl-x-16-kanal-xvr-nvr-kayit-cihazi_550.jpeg","width":550,"height":550},{"@type":"BreadcrumbList","@id":"https:\/\/kamerakontrolsistemleri.com\/index.php\/product\/dahua-xvr7816s-4kl-x-16-kanal-xvr-nvr-kayit-cihazi\/#breadcrumb","itemListElement":[{"@type":"ListItem","position":1,"name":"Ana sayfa","item":"https:\/\/kamerakontrolsistemleri.com\/"},{"@type":"ListItem","position":2,"name":"\u00dcr\u00fcnler","item":"https:\/\/kamerakontrolsistemleri.com\/index.php\/urunler\/"},{"@type":"ListItem","position":3,"name":"Dahua XVR7816S-4KL-X 16 Kanal XVR + NVR Kay\u0131t Cihaz\u0131"}]},{"@type":"WebSite","@id":"https:\/\/kamerakontrolsistemleri.com\/#website","url":"https:\/\/kamerakontrolsistemleri.com\/","name":"Kamera Kontrol Sistemleri","description":"Toptan fiyat\u0131na al\u0131\u015fveri\u015f imkan\u0131","publisher":{"@id":"https:\/\/kamerakontrolsistemleri.com\/#organization"},"potentialAction":[{"@type":"SearchAction","target":{"@type":"EntryPoint","urlTemplate":"https:\/\/kamerakontrolsistemleri.com\/?s={search_term_string}"},"query-input":{"@type":"PropertyValueSpecification","valueRequired":true,"valueName":"search_term_string"}}],"inLanguage":"tr"},{"@type":"Organization","@id":"https:\/\/kamerakontrolsistemleri.com\/#organization","name":"Akotech G\u00fcvenlik Sistemleri","url":"https:\/\/kamerakontrolsistemleri.com\/","logo":{"@type":"ImageObject","inLanguage":"tr","@id":"https:\/\/kamerakontrolsistemleri.com\/#\/schema\/logo\/image\/","url":"https:\/\/kamerakontrolsistemleri.com\/wp-content\/uploads\/2020\/12\/37335611_391154311412387_1999192248473878528_o.jpg","contentUrl":"https:\/\/kamerakontrolsistemleri.com\/wp-content\/uploads\/2020\/12\/37335611_391154311412387_1999192248473878528_o.jpg","width":1129,"height":1129,"caption":"Akotech G\u00fcvenlik Sistemleri"},"image":{"@id":"https:\/\/kamerakontrolsistemleri.com\/#\/schema\/logo\/image\/"},"sameAs":["https:\/\/www.facebook.com\/akottech","https:\/\/www.instagram.com\/akottechguvenlik\/"]}]}},"jetpack_sharing_enabled":true,"_links":{"self":[{"href":"https:\/\/kamerakontrolsistemleri.com\/index.php\/wp-json\/wp\/v2\/product\/12549","targetHints":{"allow":["GET"]}}],"collection":[{"href":"https:\/\/kamerakontrolsistemleri.com\/index.php\/wp-json\/wp\/v2\/product"}],"about":[{"href":"https:\/\/kamerakontrolsistemleri.com\/index.php\/wp-json\/wp\/v2\/types\/product"}],"version-history":[{"count":0,"href":"https:\/\/kamerakontrolsistemleri.com\/index.php\/wp-json\/wp\/v2\/product\/12549\/revisions"}],"wp:featuredmedia":[{"embeddable":true,"href":"https:\/\/kamerakontrolsistemleri.com\/index.php\/wp-json\/wp\/v2\/media\/12550"}],"wp:attachment":[{"href":"https:\/\/kamerakontrolsistemleri.com\/index.php\/wp-json\/wp\/v2\/media?parent=12549"}],"wp:term":[{"taxonomy":"product_brand","embeddable":true,"href":"https:\/\/kamerakontrolsistemleri.com\/index.php\/wp-json\/wp\/v2\/product_brand?post=12549"},{"taxonomy":"product_cat","embeddable":true,"href":"https:\/\/kamerakontrolsistemleri.com\/index.php\/wp-json\/wp\/v2\/product_cat?post=12549"},{"taxonomy":"product_tag","embeddable":true,"href":"https:\/\/kamerakontrolsistemleri.com\/index.php\/wp-json\/wp\/v2\/product_tag?post=12549"}],"curies":[{"name":"wp","href":"https:\/\/api.w.org\/{rel}","templated":true}]}}