{"id":12644,"date":"2021-01-02T21:16:46","date_gmt":"2021-01-02T18:16:46","guid":{"rendered":"https:\/\/kamerakontrolsistemleri.com\/?post_type=product&#038;p=12644"},"modified":"2021-01-02T21:16:47","modified_gmt":"2021-01-02T18:16:47","slug":"dahua-hac-ebw3802p-0250b-8-mp-hd-cvi-fisheye-kamera","status":"publish","type":"product","link":"https:\/\/kamerakontrolsistemleri.com\/index.php\/product\/dahua-hac-ebw3802p-0250b-8-mp-hd-cvi-fisheye-kamera\/","title":{"rendered":"Dahua HAC-EBW3802P-0250B 8 MP HD-CVI Fisheye Kamera"},"content":{"rendered":"","protected":false},"excerpt":{"rendered":"<div class=\"short-description\">8 MP HDCVI IR-Fisheye Camera &#8211; Sesli 1\/2\u201d 8MP progressive scan CMOS, 3840\u00d72160@12.5fps,2560&#215;1440@25fps,Panoramic Fisheye Lens 2.5mm H: 180\u00b0,V:100\u00b0, Max. 15fps@4K, 0.01Lux\/F2.0 (Color), 30IRE, 0lux IR on, 120db Ger\u00e7ek WDR, Auto (ICR), BLC, HLC, AGC, 2D ve 3D NR, Cihazdaki Lens Distorsiyon D\u00fczeltmesi, Max.15m IR Mesafesi, IP67 ve IK10 Giri\u015f Korumas\u0131, RG59 Koaksiyel Kablo ile 500 m&#8217;ye kadar iletim<\/div>\n<div class=\"prices\"><\/div>\n","protected":false},"featured_media":12645,"template":"","meta":[],"product_brand":[],"product_cat":[156,132],"product_tag":[],"class_list":{"0":"post-12644","1":"product","2":"type-product","3":"status-publish","4":"has-post-thumbnail","6":"product_cat-fish-eye-kameralar","7":"product_cat-hd-kameralar","8":"pa_marka-dahua","10":"first","11":"instock","12":"taxable","13":"shipping-taxable","14":"purchasable","15":"product-type-simple"},"yoast_head":"<!-- This site is optimized with the Yoast SEO plugin v27.3 - https:\/\/yoast.com\/product\/yoast-seo-wordpress\/ -->\n<title>Dahua HAC-EBW3802P-0250B 8 MP HD-CVI Fisheye Kamera - Kamera Kontrol Sistemleri<\/title>\n<meta name=\"description\" content=\"8 MP HDCVI IR-Fisheye Camera - Sesli 1\/2\u201d 8MP progressive scan CMOS, 3840\u00d72160@12.5fps,2560x1440@25fps,Panoramic Fisheye Lens 2.5mm H: 180\u00b0,V:100\u00b0, Max. 15fps@4K, 0.01Lux\/F2.0 (Color), 30IRE, 0lux IR on, 120db Ger\u00e7ek WDR, Auto (ICR), BLC, HLC, AGC, 2D ve 3D NR, Cihazdaki Lens Distorsiyon D\u00fczeltmesi, Max.15m IR Mesafesi, IP67 ve IK10 Giri\u015f Korumas\u0131, RG59 Koaksiyel Kablo ile 500 m&#039;ye kadar iletim\" \/>\n<meta name=\"robots\" content=\"index, follow, max-snippet:-1, max-image-preview:large, max-video-preview:-1\" \/>\n<link rel=\"canonical\" href=\"https:\/\/kamerakontrolsistemleri.com\/index.php\/product\/dahua-hac-ebw3802p-0250b-8-mp-hd-cvi-fisheye-kamera\/\" \/>\n<meta property=\"og:locale\" content=\"tr_TR\" \/>\n<meta property=\"og:type\" content=\"article\" \/>\n<meta property=\"og:title\" content=\"Dahua HAC-EBW3802P-0250B 8 MP HD-CVI Fisheye Kamera - Kamera Kontrol Sistemleri\" \/>\n<meta property=\"og:description\" content=\"8 MP HDCVI IR-Fisheye Camera - Sesli 1\/2\u201d 8MP progressive scan CMOS, 3840\u00d72160@12.5fps,2560x1440@25fps,Panoramic Fisheye Lens 2.5mm H: 180\u00b0,V:100\u00b0, Max. 15fps@4K, 0.01Lux\/F2.0 (Color), 30IRE, 0lux IR on, 120db Ger\u00e7ek WDR, Auto (ICR), BLC, HLC, AGC, 2D ve 3D NR, Cihazdaki Lens Distorsiyon D\u00fczeltmesi, Max.15m IR Mesafesi, IP67 ve IK10 Giri\u015f Korumas\u0131, RG59 Koaksiyel Kablo ile 500 m&#039;ye kadar iletim\" \/>\n<meta property=\"og:url\" content=\"https:\/\/kamerakontrolsistemleri.com\/index.php\/product\/dahua-hac-ebw3802p-0250b-8-mp-hd-cvi-fisheye-kamera\/\" \/>\n<meta property=\"og:site_name\" content=\"Kamera Kontrol Sistemleri\" \/>\n<meta property=\"article:publisher\" content=\"https:\/\/www.facebook.com\/akottech\" \/>\n<meta property=\"article:modified_time\" content=\"2021-01-02T18:16:47+00:00\" \/>\n<meta property=\"og:image\" content=\"https:\/\/kamerakontrolsistemleri.com\/wp-content\/uploads\/2021\/01\/0000212_dahua-hac-ebw3802p-0250b-8-mp-hd-cvi-fisheye-kamera_550.png\" \/>\n\t<meta property=\"og:image:width\" content=\"550\" \/>\n\t<meta property=\"og:image:height\" content=\"550\" \/>\n\t<meta property=\"og:image:type\" content=\"image\/png\" \/>\n<script type=\"application\/ld+json\" class=\"yoast-schema-graph\">{\"@context\":\"https:\\\/\\\/schema.org\",\"@graph\":[{\"@type\":\"WebPage\",\"@id\":\"https:\\\/\\\/kamerakontrolsistemleri.com\\\/index.php\\\/product\\\/dahua-hac-ebw3802p-0250b-8-mp-hd-cvi-fisheye-kamera\\\/\",\"url\":\"https:\\\/\\\/kamerakontrolsistemleri.com\\\/index.php\\\/product\\\/dahua-hac-ebw3802p-0250b-8-mp-hd-cvi-fisheye-kamera\\\/\",\"name\":\"Dahua HAC-EBW3802P-0250B 8 MP HD-CVI Fisheye Kamera - Kamera Kontrol Sistemleri\",\"isPartOf\":{\"@id\":\"https:\\\/\\\/kamerakontrolsistemleri.com\\\/#website\"},\"primaryImageOfPage\":{\"@id\":\"https:\\\/\\\/kamerakontrolsistemleri.com\\\/index.php\\\/product\\\/dahua-hac-ebw3802p-0250b-8-mp-hd-cvi-fisheye-kamera\\\/#primaryimage\"},\"image\":{\"@id\":\"https:\\\/\\\/kamerakontrolsistemleri.com\\\/index.php\\\/product\\\/dahua-hac-ebw3802p-0250b-8-mp-hd-cvi-fisheye-kamera\\\/#primaryimage\"},\"thumbnailUrl\":\"https:\\\/\\\/kamerakontrolsistemleri.com\\\/wp-content\\\/uploads\\\/2021\\\/01\\\/0000212_dahua-hac-ebw3802p-0250b-8-mp-hd-cvi-fisheye-kamera_550.png\",\"datePublished\":\"2021-01-02T18:16:46+00:00\",\"dateModified\":\"2021-01-02T18:16:47+00:00\",\"description\":\"8 MP HDCVI IR-Fisheye Camera - Sesli 1\\\/2\u201d 8MP progressive scan CMOS, 3840\u00d72160@12.5fps,2560x1440@25fps,Panoramic Fisheye Lens 2.5mm H: 180\u00b0,V:100\u00b0, Max. 15fps@4K, 0.01Lux\\\/F2.0 (Color), 30IRE, 0lux IR on, 120db Ger\u00e7ek WDR, Auto (ICR), BLC, HLC, AGC, 2D ve 3D NR, Cihazdaki Lens Distorsiyon D\u00fczeltmesi, Max.15m IR Mesafesi, IP67 ve IK10 Giri\u015f Korumas\u0131, RG59 Koaksiyel Kablo ile 500 m'ye kadar iletim\",\"breadcrumb\":{\"@id\":\"https:\\\/\\\/kamerakontrolsistemleri.com\\\/index.php\\\/product\\\/dahua-hac-ebw3802p-0250b-8-mp-hd-cvi-fisheye-kamera\\\/#breadcrumb\"},\"inLanguage\":\"tr\",\"potentialAction\":[{\"@type\":\"ReadAction\",\"target\":[\"https:\\\/\\\/kamerakontrolsistemleri.com\\\/index.php\\\/product\\\/dahua-hac-ebw3802p-0250b-8-mp-hd-cvi-fisheye-kamera\\\/\"]}]},{\"@type\":\"ImageObject\",\"inLanguage\":\"tr\",\"@id\":\"https:\\\/\\\/kamerakontrolsistemleri.com\\\/index.php\\\/product\\\/dahua-hac-ebw3802p-0250b-8-mp-hd-cvi-fisheye-kamera\\\/#primaryimage\",\"url\":\"https:\\\/\\\/kamerakontrolsistemleri.com\\\/wp-content\\\/uploads\\\/2021\\\/01\\\/0000212_dahua-hac-ebw3802p-0250b-8-mp-hd-cvi-fisheye-kamera_550.png\",\"contentUrl\":\"https:\\\/\\\/kamerakontrolsistemleri.com\\\/wp-content\\\/uploads\\\/2021\\\/01\\\/0000212_dahua-hac-ebw3802p-0250b-8-mp-hd-cvi-fisheye-kamera_550.png\",\"width\":550,\"height\":550},{\"@type\":\"BreadcrumbList\",\"@id\":\"https:\\\/\\\/kamerakontrolsistemleri.com\\\/index.php\\\/product\\\/dahua-hac-ebw3802p-0250b-8-mp-hd-cvi-fisheye-kamera\\\/#breadcrumb\",\"itemListElement\":[{\"@type\":\"ListItem\",\"position\":1,\"name\":\"Ana sayfa\",\"item\":\"https:\\\/\\\/kamerakontrolsistemleri.com\\\/\"},{\"@type\":\"ListItem\",\"position\":2,\"name\":\"\u00dcr\u00fcnler\",\"item\":\"https:\\\/\\\/kamerakontrolsistemleri.com\\\/index.php\\\/urunler\\\/\"},{\"@type\":\"ListItem\",\"position\":3,\"name\":\"Dahua HAC-EBW3802P-0250B 8 MP HD-CVI Fisheye Kamera\"}]},{\"@type\":\"WebSite\",\"@id\":\"https:\\\/\\\/kamerakontrolsistemleri.com\\\/#website\",\"url\":\"https:\\\/\\\/kamerakontrolsistemleri.com\\\/\",\"name\":\"Kamera Kontrol Sistemleri\",\"description\":\"Toptan fiyat\u0131na al\u0131\u015fveri\u015f imkan\u0131\",\"publisher\":{\"@id\":\"https:\\\/\\\/kamerakontrolsistemleri.com\\\/#organization\"},\"potentialAction\":[{\"@type\":\"SearchAction\",\"target\":{\"@type\":\"EntryPoint\",\"urlTemplate\":\"https:\\\/\\\/kamerakontrolsistemleri.com\\\/?s={search_term_string}\"},\"query-input\":{\"@type\":\"PropertyValueSpecification\",\"valueRequired\":true,\"valueName\":\"search_term_string\"}}],\"inLanguage\":\"tr\"},{\"@type\":\"Organization\",\"@id\":\"https:\\\/\\\/kamerakontrolsistemleri.com\\\/#organization\",\"name\":\"Akotech G\u00fcvenlik Sistemleri\",\"url\":\"https:\\\/\\\/kamerakontrolsistemleri.com\\\/\",\"logo\":{\"@type\":\"ImageObject\",\"inLanguage\":\"tr\",\"@id\":\"https:\\\/\\\/kamerakontrolsistemleri.com\\\/#\\\/schema\\\/logo\\\/image\\\/\",\"url\":\"https:\\\/\\\/kamerakontrolsistemleri.com\\\/wp-content\\\/uploads\\\/2020\\\/12\\\/37335611_391154311412387_1999192248473878528_o.jpg\",\"contentUrl\":\"https:\\\/\\\/kamerakontrolsistemleri.com\\\/wp-content\\\/uploads\\\/2020\\\/12\\\/37335611_391154311412387_1999192248473878528_o.jpg\",\"width\":1129,\"height\":1129,\"caption\":\"Akotech G\u00fcvenlik Sistemleri\"},\"image\":{\"@id\":\"https:\\\/\\\/kamerakontrolsistemleri.com\\\/#\\\/schema\\\/logo\\\/image\\\/\"},\"sameAs\":[\"https:\\\/\\\/www.facebook.com\\\/akottech\",\"https:\\\/\\\/www.instagram.com\\\/akottechguvenlik\\\/\"]}]}<\/script>\n<!-- \/ Yoast SEO plugin. -->","yoast_head_json":{"title":"Dahua HAC-EBW3802P-0250B 8 MP HD-CVI Fisheye Kamera - Kamera Kontrol Sistemleri","description":"8 MP HDCVI IR-Fisheye Camera - Sesli 1\/2\u201d 8MP progressive scan CMOS, 3840\u00d72160@12.5fps,2560x1440@25fps,Panoramic Fisheye Lens 2.5mm H: 180\u00b0,V:100\u00b0, Max. 15fps@4K, 0.01Lux\/F2.0 (Color), 30IRE, 0lux IR on, 120db Ger\u00e7ek WDR, Auto (ICR), BLC, HLC, AGC, 2D ve 3D NR, Cihazdaki Lens Distorsiyon D\u00fczeltmesi, Max.15m IR Mesafesi, IP67 ve IK10 Giri\u015f Korumas\u0131, RG59 Koaksiyel Kablo ile 500 m'ye kadar iletim","robots":{"index":"index","follow":"follow","max-snippet":"max-snippet:-1","max-image-preview":"max-image-preview:large","max-video-preview":"max-video-preview:-1"},"canonical":"https:\/\/kamerakontrolsistemleri.com\/index.php\/product\/dahua-hac-ebw3802p-0250b-8-mp-hd-cvi-fisheye-kamera\/","og_locale":"tr_TR","og_type":"article","og_title":"Dahua HAC-EBW3802P-0250B 8 MP HD-CVI Fisheye Kamera - Kamera Kontrol Sistemleri","og_description":"8 MP HDCVI IR-Fisheye Camera - Sesli 1\/2\u201d 8MP progressive scan CMOS, 3840\u00d72160@12.5fps,2560x1440@25fps,Panoramic Fisheye Lens 2.5mm H: 180\u00b0,V:100\u00b0, Max. 15fps@4K, 0.01Lux\/F2.0 (Color), 30IRE, 0lux IR on, 120db Ger\u00e7ek WDR, Auto (ICR), BLC, HLC, AGC, 2D ve 3D NR, Cihazdaki Lens Distorsiyon D\u00fczeltmesi, Max.15m IR Mesafesi, IP67 ve IK10 Giri\u015f Korumas\u0131, RG59 Koaksiyel Kablo ile 500 m'ye kadar iletim","og_url":"https:\/\/kamerakontrolsistemleri.com\/index.php\/product\/dahua-hac-ebw3802p-0250b-8-mp-hd-cvi-fisheye-kamera\/","og_site_name":"Kamera Kontrol Sistemleri","article_publisher":"https:\/\/www.facebook.com\/akottech","article_modified_time":"2021-01-02T18:16:47+00:00","og_image":[{"width":550,"height":550,"url":"https:\/\/kamerakontrolsistemleri.com\/wp-content\/uploads\/2021\/01\/0000212_dahua-hac-ebw3802p-0250b-8-mp-hd-cvi-fisheye-kamera_550.png","type":"image\/png"}],"schema":{"@context":"https:\/\/schema.org","@graph":[{"@type":"WebPage","@id":"https:\/\/kamerakontrolsistemleri.com\/index.php\/product\/dahua-hac-ebw3802p-0250b-8-mp-hd-cvi-fisheye-kamera\/","url":"https:\/\/kamerakontrolsistemleri.com\/index.php\/product\/dahua-hac-ebw3802p-0250b-8-mp-hd-cvi-fisheye-kamera\/","name":"Dahua HAC-EBW3802P-0250B 8 MP HD-CVI Fisheye Kamera - Kamera Kontrol Sistemleri","isPartOf":{"@id":"https:\/\/kamerakontrolsistemleri.com\/#website"},"primaryImageOfPage":{"@id":"https:\/\/kamerakontrolsistemleri.com\/index.php\/product\/dahua-hac-ebw3802p-0250b-8-mp-hd-cvi-fisheye-kamera\/#primaryimage"},"image":{"@id":"https:\/\/kamerakontrolsistemleri.com\/index.php\/product\/dahua-hac-ebw3802p-0250b-8-mp-hd-cvi-fisheye-kamera\/#primaryimage"},"thumbnailUrl":"https:\/\/kamerakontrolsistemleri.com\/wp-content\/uploads\/2021\/01\/0000212_dahua-hac-ebw3802p-0250b-8-mp-hd-cvi-fisheye-kamera_550.png","datePublished":"2021-01-02T18:16:46+00:00","dateModified":"2021-01-02T18:16:47+00:00","description":"8 MP HDCVI IR-Fisheye Camera - Sesli 1\/2\u201d 8MP progressive scan CMOS, 3840\u00d72160@12.5fps,2560x1440@25fps,Panoramic Fisheye Lens 2.5mm H: 180\u00b0,V:100\u00b0, Max. 15fps@4K, 0.01Lux\/F2.0 (Color), 30IRE, 0lux IR on, 120db Ger\u00e7ek WDR, Auto (ICR), BLC, HLC, AGC, 2D ve 3D NR, Cihazdaki Lens Distorsiyon D\u00fczeltmesi, Max.15m IR Mesafesi, IP67 ve IK10 Giri\u015f Korumas\u0131, RG59 Koaksiyel Kablo ile 500 m'ye kadar iletim","breadcrumb":{"@id":"https:\/\/kamerakontrolsistemleri.com\/index.php\/product\/dahua-hac-ebw3802p-0250b-8-mp-hd-cvi-fisheye-kamera\/#breadcrumb"},"inLanguage":"tr","potentialAction":[{"@type":"ReadAction","target":["https:\/\/kamerakontrolsistemleri.com\/index.php\/product\/dahua-hac-ebw3802p-0250b-8-mp-hd-cvi-fisheye-kamera\/"]}]},{"@type":"ImageObject","inLanguage":"tr","@id":"https:\/\/kamerakontrolsistemleri.com\/index.php\/product\/dahua-hac-ebw3802p-0250b-8-mp-hd-cvi-fisheye-kamera\/#primaryimage","url":"https:\/\/kamerakontrolsistemleri.com\/wp-content\/uploads\/2021\/01\/0000212_dahua-hac-ebw3802p-0250b-8-mp-hd-cvi-fisheye-kamera_550.png","contentUrl":"https:\/\/kamerakontrolsistemleri.com\/wp-content\/uploads\/2021\/01\/0000212_dahua-hac-ebw3802p-0250b-8-mp-hd-cvi-fisheye-kamera_550.png","width":550,"height":550},{"@type":"BreadcrumbList","@id":"https:\/\/kamerakontrolsistemleri.com\/index.php\/product\/dahua-hac-ebw3802p-0250b-8-mp-hd-cvi-fisheye-kamera\/#breadcrumb","itemListElement":[{"@type":"ListItem","position":1,"name":"Ana sayfa","item":"https:\/\/kamerakontrolsistemleri.com\/"},{"@type":"ListItem","position":2,"name":"\u00dcr\u00fcnler","item":"https:\/\/kamerakontrolsistemleri.com\/index.php\/urunler\/"},{"@type":"ListItem","position":3,"name":"Dahua HAC-EBW3802P-0250B 8 MP HD-CVI Fisheye Kamera"}]},{"@type":"WebSite","@id":"https:\/\/kamerakontrolsistemleri.com\/#website","url":"https:\/\/kamerakontrolsistemleri.com\/","name":"Kamera Kontrol Sistemleri","description":"Toptan fiyat\u0131na al\u0131\u015fveri\u015f imkan\u0131","publisher":{"@id":"https:\/\/kamerakontrolsistemleri.com\/#organization"},"potentialAction":[{"@type":"SearchAction","target":{"@type":"EntryPoint","urlTemplate":"https:\/\/kamerakontrolsistemleri.com\/?s={search_term_string}"},"query-input":{"@type":"PropertyValueSpecification","valueRequired":true,"valueName":"search_term_string"}}],"inLanguage":"tr"},{"@type":"Organization","@id":"https:\/\/kamerakontrolsistemleri.com\/#organization","name":"Akotech G\u00fcvenlik Sistemleri","url":"https:\/\/kamerakontrolsistemleri.com\/","logo":{"@type":"ImageObject","inLanguage":"tr","@id":"https:\/\/kamerakontrolsistemleri.com\/#\/schema\/logo\/image\/","url":"https:\/\/kamerakontrolsistemleri.com\/wp-content\/uploads\/2020\/12\/37335611_391154311412387_1999192248473878528_o.jpg","contentUrl":"https:\/\/kamerakontrolsistemleri.com\/wp-content\/uploads\/2020\/12\/37335611_391154311412387_1999192248473878528_o.jpg","width":1129,"height":1129,"caption":"Akotech G\u00fcvenlik Sistemleri"},"image":{"@id":"https:\/\/kamerakontrolsistemleri.com\/#\/schema\/logo\/image\/"},"sameAs":["https:\/\/www.facebook.com\/akottech","https:\/\/www.instagram.com\/akottechguvenlik\/"]}]}},"jetpack_sharing_enabled":true,"_links":{"self":[{"href":"https:\/\/kamerakontrolsistemleri.com\/index.php\/wp-json\/wp\/v2\/product\/12644","targetHints":{"allow":["GET"]}}],"collection":[{"href":"https:\/\/kamerakontrolsistemleri.com\/index.php\/wp-json\/wp\/v2\/product"}],"about":[{"href":"https:\/\/kamerakontrolsistemleri.com\/index.php\/wp-json\/wp\/v2\/types\/product"}],"version-history":[{"count":0,"href":"https:\/\/kamerakontrolsistemleri.com\/index.php\/wp-json\/wp\/v2\/product\/12644\/revisions"}],"wp:featuredmedia":[{"embeddable":true,"href":"https:\/\/kamerakontrolsistemleri.com\/index.php\/wp-json\/wp\/v2\/media\/12645"}],"wp:attachment":[{"href":"https:\/\/kamerakontrolsistemleri.com\/index.php\/wp-json\/wp\/v2\/media?parent=12644"}],"wp:term":[{"taxonomy":"product_brand","embeddable":true,"href":"https:\/\/kamerakontrolsistemleri.com\/index.php\/wp-json\/wp\/v2\/product_brand?post=12644"},{"taxonomy":"product_cat","embeddable":true,"href":"https:\/\/kamerakontrolsistemleri.com\/index.php\/wp-json\/wp\/v2\/product_cat?post=12644"},{"taxonomy":"product_tag","embeddable":true,"href":"https:\/\/kamerakontrolsistemleri.com\/index.php\/wp-json\/wp\/v2\/product_tag?post=12644"}],"curies":[{"name":"wp","href":"https:\/\/api.w.org\/{rel}","templated":true}]}}