{"id":12655,"date":"2021-01-02T21:22:16","date_gmt":"2021-01-02T18:22:16","guid":{"rendered":"https:\/\/kamerakontrolsistemleri.com\/?post_type=product&#038;p=12655"},"modified":"2021-01-02T21:22:16","modified_gmt":"2021-01-02T18:22:16","slug":"dahua-hac-hfw2401ep-0360b-4-1mp-analog-hd-ir-bullet-kamera","status":"publish","type":"product","link":"https:\/\/kamerakontrolsistemleri.com\/index.php\/product\/dahua-hac-hfw2401ep-0360b-4-1mp-analog-hd-ir-bullet-kamera\/","title":{"rendered":"Dahua HAC-HFW2401EP-0360B 4.1MP Analog HD IR Bullet Kamera"},"content":{"rendered":"","protected":false},"excerpt":{"rendered":"<div class=\"short-description\">4.1 MP WDR IR Bullet HD-CVI Kamera, 3.6 Lens, 1\/3&#8243; 4,1 MP CMOS,2688(H)\u00d71520(V), 25fps@4MP, 25\/30fps@1080P, 25\/30fps@720P, 0.01Lux\/F1.5, 0Lux IR, Y\u00fcksek H\u0131z, Uzun Mesafe Real-Time \u0130letim, HD ve Analog \u00c7\u00f6z\u00fcn\u00fcrl\u00fck Se\u00e7imi, OSD Men\u00fc, WDR (120dB) ,Day\/Night (ICR), 2D-3D-DNR, AWB, AGC, BLC,HLC, IR Mesafesi: 40m, Ak\u0131ll\u0131 IR, IP67, DC 12V, 75-3 Koaksiyel Kablo ile 500m<\/div>\n<div class=\"prices\"><\/div>\n","protected":false},"featured_media":12656,"template":"","meta":[],"product_brand":[],"product_cat":[132,133],"product_tag":[],"class_list":{"0":"post-12655","1":"product","2":"type-product","3":"status-publish","4":"has-post-thumbnail","6":"product_cat-hd-kameralar","7":"product_cat-ir-bullet-kameralar-hd-kameralar","8":"pa_marka-dahua","10":"first","11":"instock","12":"taxable","13":"shipping-taxable","14":"purchasable","15":"product-type-simple"},"yoast_head":"<!-- This site is optimized with the Yoast SEO plugin v27.3 - https:\/\/yoast.com\/product\/yoast-seo-wordpress\/ -->\n<title>Dahua HAC-HFW2401EP-0360B 4.1MP Analog HD IR Bullet Kamera - Kamera Kontrol Sistemleri<\/title>\n<meta name=\"description\" content=\"4.1 MP WDR IR Bullet HD-CVI Kamera, 3.6 Lens, 1\/3&quot; 4,1 MP CMOS,2688(H)\u00d71520(V), 25fps@4MP, 25\/30fps@1080P, 25\/30fps@720P, 0.01Lux\/F1.5, 0Lux IR, Y\u00fcksek H\u0131z, Uzun Mesafe Real-Time \u0130letim, HD ve Analog \u00c7\u00f6z\u00fcn\u00fcrl\u00fck Se\u00e7imi, OSD Men\u00fc, WDR (120dB) ,Day\/Night (ICR), 2D-3D-DNR, AWB, AGC, BLC,HLC, IR Mesafesi: 40m, Ak\u0131ll\u0131 IR, IP67, DC 12V, 75-3 Koaksiyel Kablo ile 500m\" \/>\n<meta name=\"robots\" content=\"index, follow, max-snippet:-1, max-image-preview:large, max-video-preview:-1\" \/>\n<link rel=\"canonical\" href=\"https:\/\/kamerakontrolsistemleri.com\/index.php\/product\/dahua-hac-hfw2401ep-0360b-4-1mp-analog-hd-ir-bullet-kamera\/\" \/>\n<meta property=\"og:locale\" content=\"tr_TR\" \/>\n<meta property=\"og:type\" content=\"article\" \/>\n<meta property=\"og:title\" content=\"Dahua HAC-HFW2401EP-0360B 4.1MP Analog HD IR Bullet Kamera - Kamera Kontrol Sistemleri\" \/>\n<meta property=\"og:description\" content=\"4.1 MP WDR IR Bullet HD-CVI Kamera, 3.6 Lens, 1\/3&quot; 4,1 MP CMOS,2688(H)\u00d71520(V), 25fps@4MP, 25\/30fps@1080P, 25\/30fps@720P, 0.01Lux\/F1.5, 0Lux IR, Y\u00fcksek H\u0131z, Uzun Mesafe Real-Time \u0130letim, HD ve Analog \u00c7\u00f6z\u00fcn\u00fcrl\u00fck Se\u00e7imi, OSD Men\u00fc, WDR (120dB) ,Day\/Night (ICR), 2D-3D-DNR, AWB, AGC, BLC,HLC, IR Mesafesi: 40m, Ak\u0131ll\u0131 IR, IP67, DC 12V, 75-3 Koaksiyel Kablo ile 500m\" \/>\n<meta property=\"og:url\" content=\"https:\/\/kamerakontrolsistemleri.com\/index.php\/product\/dahua-hac-hfw2401ep-0360b-4-1mp-analog-hd-ir-bullet-kamera\/\" \/>\n<meta property=\"og:site_name\" content=\"Kamera Kontrol Sistemleri\" \/>\n<meta property=\"article:publisher\" content=\"https:\/\/www.facebook.com\/akottech\" \/>\n<meta property=\"og:image\" content=\"https:\/\/kamerakontrolsistemleri.com\/wp-content\/uploads\/2021\/01\/0000307_dahua-hac-hfw2401ep-0360b-41mp-analog-hd-ir-bullet-kamera_550.png\" \/>\n\t<meta property=\"og:image:width\" content=\"550\" \/>\n\t<meta property=\"og:image:height\" content=\"550\" \/>\n\t<meta property=\"og:image:type\" content=\"image\/png\" \/>\n<script type=\"application\/ld+json\" class=\"yoast-schema-graph\">{\"@context\":\"https:\\\/\\\/schema.org\",\"@graph\":[{\"@type\":\"WebPage\",\"@id\":\"https:\\\/\\\/kamerakontrolsistemleri.com\\\/index.php\\\/product\\\/dahua-hac-hfw2401ep-0360b-4-1mp-analog-hd-ir-bullet-kamera\\\/\",\"url\":\"https:\\\/\\\/kamerakontrolsistemleri.com\\\/index.php\\\/product\\\/dahua-hac-hfw2401ep-0360b-4-1mp-analog-hd-ir-bullet-kamera\\\/\",\"name\":\"Dahua HAC-HFW2401EP-0360B 4.1MP Analog HD IR Bullet Kamera - Kamera Kontrol Sistemleri\",\"isPartOf\":{\"@id\":\"https:\\\/\\\/kamerakontrolsistemleri.com\\\/#website\"},\"primaryImageOfPage\":{\"@id\":\"https:\\\/\\\/kamerakontrolsistemleri.com\\\/index.php\\\/product\\\/dahua-hac-hfw2401ep-0360b-4-1mp-analog-hd-ir-bullet-kamera\\\/#primaryimage\"},\"image\":{\"@id\":\"https:\\\/\\\/kamerakontrolsistemleri.com\\\/index.php\\\/product\\\/dahua-hac-hfw2401ep-0360b-4-1mp-analog-hd-ir-bullet-kamera\\\/#primaryimage\"},\"thumbnailUrl\":\"https:\\\/\\\/kamerakontrolsistemleri.com\\\/wp-content\\\/uploads\\\/2021\\\/01\\\/0000307_dahua-hac-hfw2401ep-0360b-41mp-analog-hd-ir-bullet-kamera_550.png\",\"datePublished\":\"2021-01-02T18:22:16+00:00\",\"description\":\"4.1 MP WDR IR Bullet HD-CVI Kamera, 3.6 Lens, 1\\\/3\\\" 4,1 MP CMOS,2688(H)\u00d71520(V), 25fps@4MP, 25\\\/30fps@1080P, 25\\\/30fps@720P, 0.01Lux\\\/F1.5, 0Lux IR, Y\u00fcksek H\u0131z, Uzun Mesafe Real-Time \u0130letim, HD ve Analog \u00c7\u00f6z\u00fcn\u00fcrl\u00fck Se\u00e7imi, OSD Men\u00fc, WDR (120dB) ,Day\\\/Night (ICR), 2D-3D-DNR, AWB, AGC, BLC,HLC, IR Mesafesi: 40m, Ak\u0131ll\u0131 IR, IP67, DC 12V, 75-3 Koaksiyel Kablo ile 500m\",\"breadcrumb\":{\"@id\":\"https:\\\/\\\/kamerakontrolsistemleri.com\\\/index.php\\\/product\\\/dahua-hac-hfw2401ep-0360b-4-1mp-analog-hd-ir-bullet-kamera\\\/#breadcrumb\"},\"inLanguage\":\"tr\",\"potentialAction\":[{\"@type\":\"ReadAction\",\"target\":[\"https:\\\/\\\/kamerakontrolsistemleri.com\\\/index.php\\\/product\\\/dahua-hac-hfw2401ep-0360b-4-1mp-analog-hd-ir-bullet-kamera\\\/\"]}]},{\"@type\":\"ImageObject\",\"inLanguage\":\"tr\",\"@id\":\"https:\\\/\\\/kamerakontrolsistemleri.com\\\/index.php\\\/product\\\/dahua-hac-hfw2401ep-0360b-4-1mp-analog-hd-ir-bullet-kamera\\\/#primaryimage\",\"url\":\"https:\\\/\\\/kamerakontrolsistemleri.com\\\/wp-content\\\/uploads\\\/2021\\\/01\\\/0000307_dahua-hac-hfw2401ep-0360b-41mp-analog-hd-ir-bullet-kamera_550.png\",\"contentUrl\":\"https:\\\/\\\/kamerakontrolsistemleri.com\\\/wp-content\\\/uploads\\\/2021\\\/01\\\/0000307_dahua-hac-hfw2401ep-0360b-41mp-analog-hd-ir-bullet-kamera_550.png\",\"width\":550,\"height\":550},{\"@type\":\"BreadcrumbList\",\"@id\":\"https:\\\/\\\/kamerakontrolsistemleri.com\\\/index.php\\\/product\\\/dahua-hac-hfw2401ep-0360b-4-1mp-analog-hd-ir-bullet-kamera\\\/#breadcrumb\",\"itemListElement\":[{\"@type\":\"ListItem\",\"position\":1,\"name\":\"Ana sayfa\",\"item\":\"https:\\\/\\\/kamerakontrolsistemleri.com\\\/\"},{\"@type\":\"ListItem\",\"position\":2,\"name\":\"\u00dcr\u00fcnler\",\"item\":\"https:\\\/\\\/kamerakontrolsistemleri.com\\\/index.php\\\/urunler\\\/\"},{\"@type\":\"ListItem\",\"position\":3,\"name\":\"Dahua HAC-HFW2401EP-0360B 4.1MP Analog HD IR Bullet Kamera\"}]},{\"@type\":\"WebSite\",\"@id\":\"https:\\\/\\\/kamerakontrolsistemleri.com\\\/#website\",\"url\":\"https:\\\/\\\/kamerakontrolsistemleri.com\\\/\",\"name\":\"Kamera Kontrol Sistemleri\",\"description\":\"Toptan fiyat\u0131na al\u0131\u015fveri\u015f imkan\u0131\",\"publisher\":{\"@id\":\"https:\\\/\\\/kamerakontrolsistemleri.com\\\/#organization\"},\"potentialAction\":[{\"@type\":\"SearchAction\",\"target\":{\"@type\":\"EntryPoint\",\"urlTemplate\":\"https:\\\/\\\/kamerakontrolsistemleri.com\\\/?s={search_term_string}\"},\"query-input\":{\"@type\":\"PropertyValueSpecification\",\"valueRequired\":true,\"valueName\":\"search_term_string\"}}],\"inLanguage\":\"tr\"},{\"@type\":\"Organization\",\"@id\":\"https:\\\/\\\/kamerakontrolsistemleri.com\\\/#organization\",\"name\":\"Akotech G\u00fcvenlik Sistemleri\",\"url\":\"https:\\\/\\\/kamerakontrolsistemleri.com\\\/\",\"logo\":{\"@type\":\"ImageObject\",\"inLanguage\":\"tr\",\"@id\":\"https:\\\/\\\/kamerakontrolsistemleri.com\\\/#\\\/schema\\\/logo\\\/image\\\/\",\"url\":\"https:\\\/\\\/kamerakontrolsistemleri.com\\\/wp-content\\\/uploads\\\/2020\\\/12\\\/37335611_391154311412387_1999192248473878528_o.jpg\",\"contentUrl\":\"https:\\\/\\\/kamerakontrolsistemleri.com\\\/wp-content\\\/uploads\\\/2020\\\/12\\\/37335611_391154311412387_1999192248473878528_o.jpg\",\"width\":1129,\"height\":1129,\"caption\":\"Akotech G\u00fcvenlik Sistemleri\"},\"image\":{\"@id\":\"https:\\\/\\\/kamerakontrolsistemleri.com\\\/#\\\/schema\\\/logo\\\/image\\\/\"},\"sameAs\":[\"https:\\\/\\\/www.facebook.com\\\/akottech\",\"https:\\\/\\\/www.instagram.com\\\/akottechguvenlik\\\/\"]}]}<\/script>\n<!-- \/ Yoast SEO plugin. -->","yoast_head_json":{"title":"Dahua HAC-HFW2401EP-0360B 4.1MP Analog HD IR Bullet Kamera - Kamera Kontrol Sistemleri","description":"4.1 MP WDR IR Bullet HD-CVI Kamera, 3.6 Lens, 1\/3\" 4,1 MP CMOS,2688(H)\u00d71520(V), 25fps@4MP, 25\/30fps@1080P, 25\/30fps@720P, 0.01Lux\/F1.5, 0Lux IR, Y\u00fcksek H\u0131z, Uzun Mesafe Real-Time \u0130letim, HD ve Analog \u00c7\u00f6z\u00fcn\u00fcrl\u00fck Se\u00e7imi, OSD Men\u00fc, WDR (120dB) ,Day\/Night (ICR), 2D-3D-DNR, AWB, AGC, BLC,HLC, IR Mesafesi: 40m, Ak\u0131ll\u0131 IR, IP67, DC 12V, 75-3 Koaksiyel Kablo ile 500m","robots":{"index":"index","follow":"follow","max-snippet":"max-snippet:-1","max-image-preview":"max-image-preview:large","max-video-preview":"max-video-preview:-1"},"canonical":"https:\/\/kamerakontrolsistemleri.com\/index.php\/product\/dahua-hac-hfw2401ep-0360b-4-1mp-analog-hd-ir-bullet-kamera\/","og_locale":"tr_TR","og_type":"article","og_title":"Dahua HAC-HFW2401EP-0360B 4.1MP Analog HD IR Bullet Kamera - Kamera Kontrol Sistemleri","og_description":"4.1 MP WDR IR Bullet HD-CVI Kamera, 3.6 Lens, 1\/3\" 4,1 MP CMOS,2688(H)\u00d71520(V), 25fps@4MP, 25\/30fps@1080P, 25\/30fps@720P, 0.01Lux\/F1.5, 0Lux IR, Y\u00fcksek H\u0131z, Uzun Mesafe Real-Time \u0130letim, HD ve Analog \u00c7\u00f6z\u00fcn\u00fcrl\u00fck Se\u00e7imi, OSD Men\u00fc, WDR (120dB) ,Day\/Night (ICR), 2D-3D-DNR, AWB, AGC, BLC,HLC, IR Mesafesi: 40m, Ak\u0131ll\u0131 IR, IP67, DC 12V, 75-3 Koaksiyel Kablo ile 500m","og_url":"https:\/\/kamerakontrolsistemleri.com\/index.php\/product\/dahua-hac-hfw2401ep-0360b-4-1mp-analog-hd-ir-bullet-kamera\/","og_site_name":"Kamera Kontrol Sistemleri","article_publisher":"https:\/\/www.facebook.com\/akottech","og_image":[{"width":550,"height":550,"url":"https:\/\/kamerakontrolsistemleri.com\/wp-content\/uploads\/2021\/01\/0000307_dahua-hac-hfw2401ep-0360b-41mp-analog-hd-ir-bullet-kamera_550.png","type":"image\/png"}],"schema":{"@context":"https:\/\/schema.org","@graph":[{"@type":"WebPage","@id":"https:\/\/kamerakontrolsistemleri.com\/index.php\/product\/dahua-hac-hfw2401ep-0360b-4-1mp-analog-hd-ir-bullet-kamera\/","url":"https:\/\/kamerakontrolsistemleri.com\/index.php\/product\/dahua-hac-hfw2401ep-0360b-4-1mp-analog-hd-ir-bullet-kamera\/","name":"Dahua HAC-HFW2401EP-0360B 4.1MP Analog HD IR Bullet Kamera - Kamera Kontrol Sistemleri","isPartOf":{"@id":"https:\/\/kamerakontrolsistemleri.com\/#website"},"primaryImageOfPage":{"@id":"https:\/\/kamerakontrolsistemleri.com\/index.php\/product\/dahua-hac-hfw2401ep-0360b-4-1mp-analog-hd-ir-bullet-kamera\/#primaryimage"},"image":{"@id":"https:\/\/kamerakontrolsistemleri.com\/index.php\/product\/dahua-hac-hfw2401ep-0360b-4-1mp-analog-hd-ir-bullet-kamera\/#primaryimage"},"thumbnailUrl":"https:\/\/kamerakontrolsistemleri.com\/wp-content\/uploads\/2021\/01\/0000307_dahua-hac-hfw2401ep-0360b-41mp-analog-hd-ir-bullet-kamera_550.png","datePublished":"2021-01-02T18:22:16+00:00","description":"4.1 MP WDR IR Bullet HD-CVI Kamera, 3.6 Lens, 1\/3\" 4,1 MP CMOS,2688(H)\u00d71520(V), 25fps@4MP, 25\/30fps@1080P, 25\/30fps@720P, 0.01Lux\/F1.5, 0Lux IR, Y\u00fcksek H\u0131z, Uzun Mesafe Real-Time \u0130letim, HD ve Analog \u00c7\u00f6z\u00fcn\u00fcrl\u00fck Se\u00e7imi, OSD Men\u00fc, WDR (120dB) ,Day\/Night (ICR), 2D-3D-DNR, AWB, AGC, BLC,HLC, IR Mesafesi: 40m, Ak\u0131ll\u0131 IR, IP67, DC 12V, 75-3 Koaksiyel Kablo ile 500m","breadcrumb":{"@id":"https:\/\/kamerakontrolsistemleri.com\/index.php\/product\/dahua-hac-hfw2401ep-0360b-4-1mp-analog-hd-ir-bullet-kamera\/#breadcrumb"},"inLanguage":"tr","potentialAction":[{"@type":"ReadAction","target":["https:\/\/kamerakontrolsistemleri.com\/index.php\/product\/dahua-hac-hfw2401ep-0360b-4-1mp-analog-hd-ir-bullet-kamera\/"]}]},{"@type":"ImageObject","inLanguage":"tr","@id":"https:\/\/kamerakontrolsistemleri.com\/index.php\/product\/dahua-hac-hfw2401ep-0360b-4-1mp-analog-hd-ir-bullet-kamera\/#primaryimage","url":"https:\/\/kamerakontrolsistemleri.com\/wp-content\/uploads\/2021\/01\/0000307_dahua-hac-hfw2401ep-0360b-41mp-analog-hd-ir-bullet-kamera_550.png","contentUrl":"https:\/\/kamerakontrolsistemleri.com\/wp-content\/uploads\/2021\/01\/0000307_dahua-hac-hfw2401ep-0360b-41mp-analog-hd-ir-bullet-kamera_550.png","width":550,"height":550},{"@type":"BreadcrumbList","@id":"https:\/\/kamerakontrolsistemleri.com\/index.php\/product\/dahua-hac-hfw2401ep-0360b-4-1mp-analog-hd-ir-bullet-kamera\/#breadcrumb","itemListElement":[{"@type":"ListItem","position":1,"name":"Ana sayfa","item":"https:\/\/kamerakontrolsistemleri.com\/"},{"@type":"ListItem","position":2,"name":"\u00dcr\u00fcnler","item":"https:\/\/kamerakontrolsistemleri.com\/index.php\/urunler\/"},{"@type":"ListItem","position":3,"name":"Dahua HAC-HFW2401EP-0360B 4.1MP Analog HD IR Bullet Kamera"}]},{"@type":"WebSite","@id":"https:\/\/kamerakontrolsistemleri.com\/#website","url":"https:\/\/kamerakontrolsistemleri.com\/","name":"Kamera Kontrol Sistemleri","description":"Toptan fiyat\u0131na al\u0131\u015fveri\u015f imkan\u0131","publisher":{"@id":"https:\/\/kamerakontrolsistemleri.com\/#organization"},"potentialAction":[{"@type":"SearchAction","target":{"@type":"EntryPoint","urlTemplate":"https:\/\/kamerakontrolsistemleri.com\/?s={search_term_string}"},"query-input":{"@type":"PropertyValueSpecification","valueRequired":true,"valueName":"search_term_string"}}],"inLanguage":"tr"},{"@type":"Organization","@id":"https:\/\/kamerakontrolsistemleri.com\/#organization","name":"Akotech G\u00fcvenlik Sistemleri","url":"https:\/\/kamerakontrolsistemleri.com\/","logo":{"@type":"ImageObject","inLanguage":"tr","@id":"https:\/\/kamerakontrolsistemleri.com\/#\/schema\/logo\/image\/","url":"https:\/\/kamerakontrolsistemleri.com\/wp-content\/uploads\/2020\/12\/37335611_391154311412387_1999192248473878528_o.jpg","contentUrl":"https:\/\/kamerakontrolsistemleri.com\/wp-content\/uploads\/2020\/12\/37335611_391154311412387_1999192248473878528_o.jpg","width":1129,"height":1129,"caption":"Akotech G\u00fcvenlik Sistemleri"},"image":{"@id":"https:\/\/kamerakontrolsistemleri.com\/#\/schema\/logo\/image\/"},"sameAs":["https:\/\/www.facebook.com\/akottech","https:\/\/www.instagram.com\/akottechguvenlik\/"]}]}},"jetpack_sharing_enabled":true,"_links":{"self":[{"href":"https:\/\/kamerakontrolsistemleri.com\/index.php\/wp-json\/wp\/v2\/product\/12655","targetHints":{"allow":["GET"]}}],"collection":[{"href":"https:\/\/kamerakontrolsistemleri.com\/index.php\/wp-json\/wp\/v2\/product"}],"about":[{"href":"https:\/\/kamerakontrolsistemleri.com\/index.php\/wp-json\/wp\/v2\/types\/product"}],"version-history":[{"count":0,"href":"https:\/\/kamerakontrolsistemleri.com\/index.php\/wp-json\/wp\/v2\/product\/12655\/revisions"}],"wp:featuredmedia":[{"embeddable":true,"href":"https:\/\/kamerakontrolsistemleri.com\/index.php\/wp-json\/wp\/v2\/media\/12656"}],"wp:attachment":[{"href":"https:\/\/kamerakontrolsistemleri.com\/index.php\/wp-json\/wp\/v2\/media?parent=12655"}],"wp:term":[{"taxonomy":"product_brand","embeddable":true,"href":"https:\/\/kamerakontrolsistemleri.com\/index.php\/wp-json\/wp\/v2\/product_brand?post=12655"},{"taxonomy":"product_cat","embeddable":true,"href":"https:\/\/kamerakontrolsistemleri.com\/index.php\/wp-json\/wp\/v2\/product_cat?post=12655"},{"taxonomy":"product_tag","embeddable":true,"href":"https:\/\/kamerakontrolsistemleri.com\/index.php\/wp-json\/wp\/v2\/product_tag?post=12655"}],"curies":[{"name":"wp","href":"https:\/\/api.w.org\/{rel}","templated":true}]}}